Last updated on 2025-11-03 23:50:19 CET.
| Flavor | Version | Tinstall | Tcheck | Ttotal | Status | Flags | 
|---|---|---|---|---|---|---|
| r-devel-linux-x86_64-debian-clang | 1.2.0 | 20.63 | 38.60 | 59.23 | NOTE | |
| r-devel-linux-x86_64-debian-gcc | 1.2.0 | 18.20 | 28.77 | 46.97 | NOTE | |
| r-devel-linux-x86_64-fedora-clang | 1.2.0 | 65.00 | 22.33 | 87.33 | OK | |
| r-devel-linux-x86_64-fedora-gcc | 1.2.0 | 41.00 | 39.07 | 80.07 | OK | |
| r-devel-windows-x86_64 | 1.2.0 | 19.00 | 59.00 | 78.00 | OK | |
| r-patched-linux-x86_64 | 1.2.0 | 24.29 | 34.57 | 58.86 | OK | |
| r-release-linux-x86_64 | 1.2.0 | 18.65 | 34.92 | 53.57 | OK | |
| r-release-macos-arm64 | 1.2.0 | 19.00 | 30.00 | 49.00 | OK | |
| r-release-macos-x86_64 | 1.2.0 | 29.00 | 46.00 | 75.00 | OK | |
| r-release-windows-x86_64 | 1.2.0 | 20.00 | 60.00 | 80.00 | OK | |
| r-oldrel-macos-arm64 | 1.2.0 | 14.00 | 30.00 | 44.00 | NOTE | |
| r-oldrel-macos-x86_64 | 1.2.0 | 33.00 | 75.00 | 108.00 | NOTE | |
| r-oldrel-windows-x86_64 | 1.2.0 | 28.00 | 67.00 | 95.00 | OK | 
Version: 1.2.0
Check: CRAN incoming feasibility
Result: NOTE
  Maintainer: ‘Steven Sanderson <spsanderson@gmail.com>’
  
  Found the following (possibly) invalid URLs:
    URL: https://lifecycle.r-lib.org/articles/stages.html##stable
      From: README.md
      Message: Invalid URL: '#' not allowed in fragment
Flavors: r-devel-linux-x86_64-debian-clang, r-devel-linux-x86_64-debian-gcc
Version: 1.2.0
Check: installed package size
Result: NOTE
    installed size is  5.2Mb
    sub-directories of 1Mb or more:
      data   4.9Mb
Flavors: r-oldrel-macos-arm64, r-oldrel-macos-x86_64