Last updated on 2025-11-04 05:51:13 CET.
| Flavor | Version | Tinstall | Tcheck | Ttotal | Status | Flags | 
|---|---|---|---|---|---|---|
| r-devel-linux-x86_64-debian-clang | 0.4.5 | 12.58 | 61.53 | 74.11 | NOTE | |
| r-devel-linux-x86_64-debian-gcc | 0.4.5 | 9.04 | 51.40 | 60.44 | NOTE | |
| r-devel-linux-x86_64-fedora-clang | 0.4.5 | 60.00 | 55.78 | 115.78 | NOTE | |
| r-devel-linux-x86_64-fedora-gcc | 0.4.5 | 27.00 | 73.74 | 100.74 | NOTE | |
| r-devel-windows-x86_64 | 0.4.5 | 22.00 | 91.00 | 113.00 | NOTE | |
| r-patched-linux-x86_64 | 0.4.5 | 11.35 | 57.30 | 68.65 | NOTE | |
| r-release-linux-x86_64 | 0.4.5 | 10.21 | 58.23 | 68.44 | NOTE | |
| r-release-macos-arm64 | 0.4.5 | 18.00 | 48.00 | 66.00 | NOTE | |
| r-release-macos-x86_64 | 0.4.5 | 15.00 | 83.00 | 98.00 | NOTE | |
| r-release-windows-x86_64 | 0.4.5 | 23.00 | 92.00 | 115.00 | NOTE | |
| r-oldrel-macos-arm64 | 0.4.5 | 11.00 | 30.00 | 41.00 | OK | |
| r-oldrel-macos-x86_64 | 0.4.5 | 12.00 | 103.00 | 115.00 | OK | |
| r-oldrel-windows-x86_64 | 0.4.5 | 25.00 | 110.00 | 135.00 | OK | 
Version: 0.4.5
Check: DESCRIPTION meta-information
Result: NOTE
    Missing dependency on R >= 4.1.0 because package code uses the pipe
    |> or function shorthand \(...) syntax added in R 4.1.0.
    File(s) using such syntax:
      ‘the_XXX.R’
Flavors: r-devel-linux-x86_64-debian-clang, r-devel-linux-x86_64-debian-gcc, r-devel-linux-x86_64-fedora-clang, r-devel-linux-x86_64-fedora-gcc, r-devel-windows-x86_64, r-patched-linux-x86_64, r-release-linux-x86_64, r-release-macos-arm64, r-release-macos-x86_64, r-release-windows-x86_64