Last updated on 2025-11-03 17:49:51 CET.
| Flavor | Version | Tinstall | Tcheck | Ttotal | Status | Flags |
|---|---|---|---|---|---|---|
| r-devel-linux-x86_64-debian-clang | 0.1.0 | 7.76 | 69.03 | 76.79 | OK | |
| r-devel-linux-x86_64-debian-gcc | 0.1.0 | 5.66 | 48.67 | 54.33 | OK | |
| r-devel-linux-x86_64-fedora-clang | 0.1.0 | 32.00 | 94.20 | 126.20 | OK | |
| r-devel-linux-x86_64-fedora-gcc | 0.1.0 | 14.00 | 89.80 | 103.80 | OK | |
| r-devel-windows-x86_64 | 0.1.0 | 10.00 | 73.00 | 83.00 | OK | |
| r-patched-linux-x86_64 | 0.1.0 | 7.30 | 63.15 | 70.45 | OK | |
| r-release-linux-x86_64 | 0.1.0 | 7.47 | 66.74 | 74.21 | OK | |
| r-release-macos-arm64 | 0.1.0 | 3.00 | 26.00 | 29.00 | OK | |
| r-release-macos-x86_64 | 0.1.0 | 7.00 | 56.00 | 63.00 | OK | |
| r-release-windows-x86_64 | 0.1.0 | 11.00 | 74.00 | 85.00 | OK | |
| r-oldrel-macos-arm64 | 0.1.0 | 3.00 | 27.00 | 30.00 | NOTE | |
| r-oldrel-macos-x86_64 | 0.1.0 | 5.00 | 58.00 | 63.00 | NOTE | |
| r-oldrel-windows-x86_64 | 0.1.0 | 14.00 | 92.00 | 106.00 | NOTE |
Version: 0.1.0
Check: LazyData
Result: NOTE
'LazyData' is specified without a 'data' directory
Flavors: r-oldrel-macos-arm64, r-oldrel-macos-x86_64, r-oldrel-windows-x86_64