Last updated on 2025-07-13 18:52:45 CEST.
Flavor | Version | Tinstall | Tcheck | Ttotal | Status | Flags |
---|---|---|---|---|---|---|
r-devel-linux-x86_64-debian-clang | 1.0.4 | 107.90 | 157.21 | 265.11 | OK | |
r-devel-linux-x86_64-debian-gcc | 1.0.4 | 77.92 | 121.41 | 199.33 | OK | |
r-devel-linux-x86_64-fedora-clang | 1.0.4 | 446.66 | NOTE | |||
r-devel-linux-x86_64-fedora-gcc | 1.0.4 | 458.63 | NOTE | |||
r-devel-windows-x86_64 | 1.0.4 | 120.00 | 202.00 | 322.00 | OK | |
r-patched-linux-x86_64 | 1.0.4 | 105.60 | 161.39 | 266.99 | OK | |
r-release-linux-x86_64 | 1.0.4 | 102.21 | 165.26 | 267.47 | OK | |
r-release-macos-arm64 | 1.0.4 | 80.00 | OK | |||
r-release-macos-x86_64 | 1.0.4 | 124.00 | OK | |||
r-release-windows-x86_64 | 1.0.4 | 121.00 | 210.00 | 331.00 | OK | |
r-oldrel-macos-arm64 | 1.0.4 | 96.00 | NOTE | |||
r-oldrel-macos-x86_64 | 1.0.4 | 162.00 | NOTE | |||
r-oldrel-windows-x86_64 | 1.0.4 | 146.00 | 252.00 | 398.00 | OK |
Version: 1.0.4
Check: dependencies in R code
Result: NOTE
Namespaces in Imports field not imported from:
‘MCMCpack’ ‘isotone’ ‘png’ ‘questionr’ ‘rprojroot’ ‘tidyverse’
All declared Imports should be used.
Flavors: r-devel-linux-x86_64-fedora-clang, r-devel-linux-x86_64-fedora-gcc
Version: 1.0.4
Check: installed package size
Result: NOTE
installed size is 7.8Mb
sub-directories of 1Mb or more:
libs 6.9Mb
Flavors: r-oldrel-macos-arm64, r-oldrel-macos-x86_64