Last updated on 2025-11-04 11:52:32 CET.
| Flavor | Version | Tinstall | Tcheck | Ttotal | Status | Flags | 
|---|---|---|---|---|---|---|
| r-devel-linux-x86_64-debian-clang | 1.0.1 | 16.15 | 144.15 | 160.30 | NOTE | |
| r-devel-linux-x86_64-debian-gcc | 1.0.1 | 11.46 | 92.87 | 104.33 | NOTE | |
| r-devel-linux-x86_64-fedora-clang | 1.0.1 | 60.00 | 193.64 | 253.64 | NOTE | |
| r-devel-linux-x86_64-fedora-gcc | 1.0.1 | 37.00 | 180.30 | 217.30 | NOTE | |
| r-devel-windows-x86_64 | 1.0.1 | 18.00 | 126.00 | 144.00 | NOTE | |
| r-patched-linux-x86_64 | 1.0.1 | 15.31 | 131.12 | 146.43 | NOTE | |
| r-release-linux-x86_64 | 1.0.1 | 13.83 | 134.56 | 148.39 | NOTE | |
| r-release-macos-arm64 | 1.0.1 | 7.00 | 48.00 | 55.00 | NOTE | |
| r-release-macos-x86_64 | 1.0.1 | 13.00 | 88.00 | 101.00 | NOTE | |
| r-release-windows-x86_64 | 1.0.1 | 17.00 | 126.00 | 143.00 | NOTE | |
| r-oldrel-macos-arm64 | 1.0.1 | 7.00 | 47.00 | 54.00 | OK | |
| r-oldrel-macos-x86_64 | 1.0.1 | 13.00 | 75.00 | 88.00 | OK | |
| r-oldrel-windows-x86_64 | 1.0.1 | 26.00 | 166.00 | 192.00 | OK | 
Version: 1.0.1
Check: DESCRIPTION meta-information
Result: NOTE
    Missing dependency on R >= 4.1.0 because package code uses the pipe
    |> or function shorthand \(...) syntax added in R 4.1.0.
    File(s) using such syntax:
      ‘lvma_utils.R’
Flavors: r-devel-linux-x86_64-debian-clang, r-devel-linux-x86_64-debian-gcc, r-devel-linux-x86_64-fedora-clang, r-devel-linux-x86_64-fedora-gcc, r-devel-windows-x86_64, r-patched-linux-x86_64, r-release-linux-x86_64, r-release-macos-arm64, r-release-macos-x86_64, r-release-windows-x86_64
Version: 1.0.1
Check: Rd cross-references
Result: NOTE
  Found the following Rd file(s) with Rd \link{} targets missing package
  anchors:
    mediate_hdmm.Rd: mediate
    mediate_hima.Rd: hdi
  Please provide package anchors for all Rd \link{} targets not in the
  package itself and the base packages.
Flavors: r-devel-linux-x86_64-debian-clang, r-devel-linux-x86_64-debian-gcc, r-devel-windows-x86_64, r-patched-linux-x86_64, r-release-linux-x86_64, r-release-windows-x86_64