Last updated on 2025-11-04 05:51:13 CET.
| Flavor | Version | Tinstall | Tcheck | Ttotal | Status | Flags | 
|---|---|---|---|---|---|---|
| r-devel-linux-x86_64-debian-clang | 0.8.5 | 3.68 | 77.27 | 80.95 | OK | |
| r-devel-linux-x86_64-debian-gcc | 0.8.5 | 2.93 | 45.35 | 48.28 | OK | |
| r-devel-linux-x86_64-fedora-clang | 0.8.5 | 19.00 | 110.87 | 129.87 | OK | |
| r-devel-linux-x86_64-fedora-gcc | 0.8.5 | 12.00 | 123.45 | 135.45 | OK | |
| r-devel-windows-x86_64 | 0.8.5 | 6.00 | 84.00 | 90.00 | OK | |
| r-patched-linux-x86_64 | 0.8.5 | 5.27 | 75.26 | 80.53 | OK | |
| r-release-linux-x86_64 | 0.8.5 | 3.76 | 59.52 | 63.28 | OK | |
| r-release-macos-arm64 | 0.8.5 | 2.00 | 37.00 | 39.00 | OK | |
| r-release-macos-x86_64 | 0.8.5 | 4.00 | 148.00 | 152.00 | OK | |
| r-release-windows-x86_64 | 0.8.5 | 7.00 | 83.00 | 90.00 | OK | |
| r-oldrel-macos-arm64 | 0.8.5 | 2.00 | 38.00 | 40.00 | NOTE | |
| r-oldrel-macos-x86_64 | 0.8.5 | 3.00 | 121.00 | 124.00 | NOTE | |
| r-oldrel-windows-x86_64 | 0.8.5 | 9.00 | 100.00 | 109.00 | NOTE | 
Version: 0.8.5
Check: installed package size
Result: NOTE
    installed size is  5.9Mb
    sub-directories of 1Mb or more:
      doc   5.3Mb
Flavors: r-oldrel-macos-arm64, r-oldrel-macos-x86_64, r-oldrel-windows-x86_64