Last updated on 2025-02-21 17:50:43 CET.
Flavor | Version | Tinstall | Tcheck | Ttotal | Status | Flags |
---|---|---|---|---|---|---|
r-devel-linux-x86_64-debian-clang | 0.0-4 | 25.71 | 21.10 | 46.81 | OK | |
r-devel-linux-x86_64-debian-gcc | 0.0-4 | 17.64 | 17.06 | 34.70 | OK | |
r-devel-linux-x86_64-fedora-clang | 0.0-4 | 83.49 | NOTE | |||
r-devel-linux-x86_64-fedora-gcc | 0.0-4 | 78.98 | NOTE | |||
r-devel-macos-arm64 | 0.0-4 | 25.00 | OK | |||
r-devel-macos-x86_64 | 0.0-4 | 51.00 | OK | |||
r-devel-windows-x86_64 | 0.0-4 | 29.00 | 65.00 | 94.00 | OK | |
r-patched-linux-x86_64 | 0.0-4 | 23.91 | 20.55 | 44.46 | OK | |
r-release-linux-x86_64 | 0.0-4 | 23.88 | 20.46 | 44.34 | OK | |
r-release-macos-arm64 | 0.0-4 | 24.00 | OK | |||
r-release-macos-x86_64 | 0.0-4 | 34.00 | OK | |||
r-release-windows-x86_64 | 0.0-4 | 29.00 | 64.00 | 93.00 | OK | |
r-oldrel-macos-arm64 | 0.0-4 | 29.00 | OK | |||
r-oldrel-macos-x86_64 | 0.0-4 | 44.00 | OK | |||
r-oldrel-windows-x86_64 | 0.0-4 | 34.00 | 66.00 | 100.00 | OK |
Version: 0.0-4
Check: compiled code
Result: NOTE
File ‘hawkes/libs/hawkes.so’:
Found no calls to: ‘R_registerRoutines’, ‘R_useDynamicSymbols’
It is good practice to register native routines and to disable symbol
search.
See ‘Writing portable packages’ in the ‘Writing R Extensions’ manual.
Flavors: r-devel-linux-x86_64-fedora-clang, r-devel-linux-x86_64-fedora-gcc