Last updated on 2025-11-03 23:50:19 CET.
| Flavor | Version | Tinstall | Tcheck | Ttotal | Status | Flags | 
|---|---|---|---|---|---|---|
| r-devel-linux-x86_64-debian-clang | 3.2.4 | 56.15 | 261.37 | 317.52 | OK | |
| r-devel-linux-x86_64-debian-gcc | 3.2.4 | 36.01 | 160.97 | 196.98 | OK | |
| r-devel-linux-x86_64-fedora-clang | 3.2.4 | 164.00 | 394.25 | 558.25 | OK | |
| r-devel-linux-x86_64-fedora-gcc | 3.2.4 | 92.00 | 390.85 | 482.85 | OK | |
| r-devel-windows-x86_64 | 3.2.4 | 63.00 | 289.00 | 352.00 | OK | |
| r-patched-linux-x86_64 | 3.2.4 | 54.12 | 242.83 | 296.95 | OK | |
| r-release-linux-x86_64 | 3.2.4 | 56.04 | 248.79 | 304.83 | OK | |
| r-release-macos-arm64 | 3.2.4 | 21.00 | 111.00 | 132.00 | OK | |
| r-release-macos-x86_64 | 3.2.4 | 24.00 | 235.00 | 259.00 | OK | |
| r-release-windows-x86_64 | 3.2.4 | 61.00 | 285.00 | 346.00 | OK | |
| r-oldrel-macos-arm64 | 3.2.4 | 19.00 | 100.00 | 119.00 | NOTE | |
| r-oldrel-macos-x86_64 | 3.2.4 | 26.00 | 222.00 | 248.00 | NOTE | |
| r-oldrel-windows-x86_64 | 3.2.4 | 59.00 | 394.00 | 453.00 | OK | 
Version: 3.2.4
Check: installed package size
Result: NOTE
    installed size is  5.7Mb
    sub-directories of 1Mb or more:
      libs   3.2Mb
Flavors: r-oldrel-macos-arm64, r-oldrel-macos-x86_64