CRAN Package Check Results for Package gutenbergr

Last updated on 2025-05-27 18:49:51 CEST.

Flavor Version Tinstall Tcheck Ttotal Status Flags
r-devel-linux-x86_64-debian-clang 0.2.4 7.16 57.48 64.64 OK
r-devel-linux-x86_64-debian-gcc 0.2.4 4.82 40.79 45.61 OK
r-devel-linux-x86_64-fedora-clang 0.2.4 105.61 OK
r-devel-linux-x86_64-fedora-gcc 0.2.4 106.85 OK
r-devel-windows-x86_64 0.2.4 8.00 73.00 81.00 OK
r-patched-linux-x86_64 0.2.4 5.59 53.38 58.97 OK
r-release-linux-x86_64 0.2.4 5.96 52.98 58.94 OK
r-release-macos-arm64 0.2.4 40.00 OK
r-release-macos-x86_64 0.2.4 70.00 OK
r-release-windows-x86_64 0.2.4 12.00 74.00 86.00 OK
r-oldrel-macos-arm64 0.2.4 41.00 NOTE
r-oldrel-macos-x86_64 0.2.4 74.00 NOTE
r-oldrel-windows-x86_64 0.2.4 12.00 88.00 100.00 NOTE

Check Details

Version: 0.2.4
Check: installed package size
Result: NOTE installed size is 5.3Mb sub-directories of 1Mb or more: data 4.9Mb Flavors: r-oldrel-macos-arm64, r-oldrel-macos-x86_64, r-oldrel-windows-x86_64

mirror server hosted at Truenetwork, Russian Federation.