Last updated on 2025-05-22 12:50:02 CEST.
Flavor | Version | Tinstall | Tcheck | Ttotal | Status | Flags |
---|---|---|---|---|---|---|
r-devel-linux-x86_64-debian-clang | 0.1.1 | 4.58 | 42.31 | 46.89 | OK | |
r-devel-linux-x86_64-debian-gcc | 0.1.1 | 3.15 | 32.41 | 35.56 | OK | |
r-devel-linux-x86_64-fedora-clang | 0.1.1 | 76.79 | OK | |||
r-devel-linux-x86_64-fedora-gcc | 0.1.1 | 81.69 | OK | |||
r-devel-windows-x86_64 | 0.1.1 | 7.00 | 84.00 | 91.00 | OK | |
r-patched-linux-x86_64 | 0.1.1 | 4.51 | 38.69 | 43.20 | OK | |
r-release-linux-x86_64 | 0.1.1 | 4.53 | 39.20 | 43.73 | OK | |
r-release-macos-arm64 | 0.1.1 | 39.00 | OK | |||
r-release-macos-x86_64 | 0.1.1 | 72.00 | OK | |||
r-release-windows-x86_64 | 0.1.1 | 6.00 | 71.00 | 77.00 | OK | |
r-oldrel-macos-arm64 | 0.1.1 | 31.00 | NOTE | |||
r-oldrel-macos-x86_64 | 0.1.1 | 65.00 | NOTE | |||
r-oldrel-windows-x86_64 | 0.1.1 | 7.00 | 68.00 | 75.00 | NOTE |
Version: 0.1.1
Check: LazyData
Result: NOTE
'LazyData' is specified without a 'data' directory
Flavors: r-oldrel-macos-arm64, r-oldrel-macos-x86_64, r-oldrel-windows-x86_64