Last updated on 2025-05-27 18:49:51 CEST.
Flavor | Version | Tinstall | Tcheck | Ttotal | Status | Flags |
---|---|---|---|---|---|---|
r-devel-linux-x86_64-debian-clang | 1.0.0 | 35.01 | 256.62 | 291.63 | OK | |
r-devel-linux-x86_64-debian-gcc | 1.0.0 | 19.94 | 166.90 | 186.84 | OK | |
r-devel-linux-x86_64-fedora-clang | 1.0.0 | 469.81 | OK | |||
r-devel-linux-x86_64-fedora-gcc | 1.0.0 | 400.91 | OK | |||
r-devel-windows-x86_64 | 1.0.0 | 39.00 | 270.00 | 309.00 | OK | |
r-patched-linux-x86_64 | 1.0.0 | 46.40 | 233.78 | 280.18 | OK | |
r-release-linux-x86_64 | 1.0.0 | 34.20 | 237.84 | 272.04 | OK | |
r-release-macos-arm64 | 1.0.0 | 103.00 | OK | |||
r-release-macos-x86_64 | 1.0.0 | 188.00 | OK | |||
r-release-windows-x86_64 | 1.0.0 | 41.00 | 271.00 | 312.00 | OK | |
r-oldrel-macos-arm64 | 1.0.0 | 96.00 | NOTE | |||
r-oldrel-macos-x86_64 | 1.0.0 | 231.00 | NOTE | |||
r-oldrel-windows-x86_64 | 1.0.0 | 54.00 | 323.00 | 377.00 | NOTE |
Version: 1.0.0
Check: installed package size
Result: NOTE
installed size is 7.1Mb
sub-directories of 1Mb or more:
R 2.8Mb
data 1.1Mb
help 1.8Mb
Flavors: r-oldrel-macos-arm64, r-oldrel-macos-x86_64, r-oldrel-windows-x86_64