Last updated on 2025-02-21 17:50:43 CET.
Flavor | Version | Tinstall | Tcheck | Ttotal | Status | Flags |
---|---|---|---|---|---|---|
r-devel-linux-x86_64-debian-clang | 1.4.1 | 17.02 | 80.32 | 97.34 | OK | |
r-devel-linux-x86_64-debian-gcc | 1.4.1 | 13.22 | 54.98 | 68.20 | OK | |
r-devel-linux-x86_64-fedora-clang | 1.4.1 | 154.40 | OK | |||
r-devel-linux-x86_64-fedora-gcc | 1.4.1 | 148.95 | OK | |||
r-devel-macos-arm64 | 1.4.1 | 49.00 | OK | |||
r-devel-macos-x86_64 | 1.4.1 | 85.00 | OK | |||
r-devel-windows-x86_64 | 1.4.1 | 23.00 | 112.00 | 135.00 | OK | |
r-patched-linux-x86_64 | 1.4.1 | 15.51 | 74.84 | 90.35 | OK | |
r-release-linux-x86_64 | 1.4.1 | 16.54 | 74.70 | 91.24 | OK | |
r-release-macos-arm64 | 1.4.1 | 60.00 | OK | |||
r-release-macos-x86_64 | 1.4.1 | 136.00 | NOTE | |||
r-release-windows-x86_64 | 1.4.1 | 24.00 | 107.00 | 131.00 | OK | |
r-oldrel-macos-arm64 | 1.3.2 | 55.00 | OK | |||
r-oldrel-macos-x86_64 | 1.4.1 | 151.00 | NOTE | |||
r-oldrel-windows-x86_64 | 1.4.1 | 25.00 | 121.00 | 146.00 | OK |
Version: 1.4.1
Check: installed package size
Result: NOTE
installed size is 5.1Mb
sub-directories of 1Mb or more:
libs 4.7Mb
Flavors: r-release-macos-x86_64, r-oldrel-macos-x86_64