Last updated on 2025-02-22 05:51:37 CET.
Flavor | Version | Tinstall | Tcheck | Ttotal | Status | Flags |
---|---|---|---|---|---|---|
r-devel-linux-x86_64-debian-clang | 0.1.0 | 31.76 | 51.56 | 83.32 | OK | |
r-devel-linux-x86_64-debian-gcc | 0.1.0 | 25.73 | 38.52 | 64.25 | OK | |
r-devel-linux-x86_64-fedora-clang | 0.1.0 | 145.44 | OK | |||
r-devel-linux-x86_64-fedora-gcc | 0.1.0 | 159.46 | OK | |||
r-devel-macos-arm64 | 0.1.0 | 49.00 | OK | |||
r-devel-macos-x86_64 | 0.1.0 | 84.00 | OK | |||
r-devel-windows-x86_64 | 0.1.0 | 37.00 | 86.00 | 123.00 | OK | |
r-patched-linux-x86_64 | 0.1.0 | 33.62 | 50.47 | 84.09 | OK | |
r-release-linux-x86_64 | 0.1.0 | 33.49 | 50.76 | 84.25 | OK | |
r-release-macos-arm64 | 0.1.0 | 56.00 | NOTE | |||
r-release-macos-x86_64 | 0.1.0 | 122.00 | NOTE | |||
r-release-windows-x86_64 | 0.1.0 | 38.00 | 87.00 | 125.00 | OK | |
r-oldrel-macos-arm64 | 0.1.0 | 56.00 | NOTE | |||
r-oldrel-macos-x86_64 | 0.1.0 | 116.00 | NOTE | |||
r-oldrel-windows-x86_64 | 0.1.0 | 46.00 | 103.00 | 149.00 | OK |
Version: 0.1.0
Check: installed package size
Result: NOTE
installed size is 12.3Mb
sub-directories of 1Mb or more:
libs 11.9Mb
Flavors: r-release-macos-arm64, r-release-macos-x86_64, r-oldrel-macos-arm64, r-oldrel-macos-x86_64