Last updated on 2025-11-04 05:51:13 CET.
| Flavor | Version | Tinstall | Tcheck | Ttotal | Status | Flags | 
|---|---|---|---|---|---|---|
| r-devel-linux-x86_64-debian-clang | 1.0.2 | 25.54 | 61.82 | 87.36 | NOTE | |
| r-devel-linux-x86_64-debian-gcc | 1.0.2 | 21.34 | 45.79 | 67.13 | NOTE | |
| r-devel-linux-x86_64-fedora-clang | 1.0.2 | 123.00 | 30.20 | 153.20 | OK | |
| r-devel-linux-x86_64-fedora-gcc | 1.0.2 | 62.00 | 77.44 | 139.44 | OK | |
| r-devel-windows-x86_64 | 1.0.2 | 31.00 | 85.00 | 116.00 | OK | |
| r-patched-linux-x86_64 | 1.0.2 | 29.52 | 59.24 | 88.76 | OK | |
| r-release-linux-x86_64 | 1.0.2 | 30.71 | 58.52 | 89.23 | OK | |
| r-release-macos-arm64 | 1.0.2 | 11.00 | 33.00 | 44.00 | OK | |
| r-release-macos-x86_64 | 1.0.2 | 24.00 | 59.00 | 83.00 | OK | |
| r-release-windows-x86_64 | 1.0.2 | 31.00 | 86.00 | 117.00 | OK | |
| r-oldrel-macos-arm64 | 1.0.2 | 13.00 | 27.00 | 40.00 | OK | |
| r-oldrel-macos-x86_64 | 1.0.2 | 31.00 | 68.00 | 99.00 | OK | |
| r-oldrel-windows-x86_64 | 1.0.2 | 37.00 | 108.00 | 145.00 | OK | 
Version: 1.0.2
Check: CRAN incoming feasibility
Result: NOTE
  Maintainer: ‘Xuan Dang <xuandang11289@gmail.com>’
  
  No Authors@R field in DESCRIPTION.
  Please add one, modifying
    Authors@R: person(given = "Xuan",
                      family = "Dang",
                      role = c("aut", "cre"),
                      email = "xuandang11289@gmail.com")
  as necessary.
Flavors: r-devel-linux-x86_64-debian-clang, r-devel-linux-x86_64-debian-gcc