CRAN Package Check Results for Package growthmodels

Last updated on 2025-07-19 06:48:32 CEST.

Flavor Version Tinstall Tcheck Ttotal Status Flags
r-devel-linux-x86_64-debian-clang 1.3.1 1.81 21.81 23.62 NOTE
r-devel-linux-x86_64-debian-gcc 1.3.1 1.49 17.77 19.26 NOTE
r-devel-linux-x86_64-fedora-clang 1.3.1 35.54 OK
r-devel-linux-x86_64-fedora-gcc 1.3.1 33.07 OK
r-devel-windows-x86_64 1.3.1 5.00 45.00 50.00 OK
r-patched-linux-x86_64 1.3.1 2.21 20.62 22.83 OK
r-release-linux-x86_64 1.3.1 1.92 20.74 22.66 OK
r-release-macos-arm64 1.3.1 16.00 OK
r-release-macos-x86_64 1.3.1 27.00 OK
r-release-windows-x86_64 1.3.1 3.00 44.00 47.00 OK
r-oldrel-macos-arm64 1.3.1 15.00 OK
r-oldrel-macos-x86_64 1.3.1 23.00 OK
r-oldrel-windows-x86_64 1.3.1 3.00 51.00 54.00 OK

Check Details

Version: 1.3.1
Check: CRAN incoming feasibility
Result: NOTE Maintainer: ‘Daniel Rodriguez <daniel.rodriguez.perez@gmail.com>’ No Authors@R field in DESCRIPTION. Please add one, modifying Authors@R: person(given = "Daniel", family = "Rodriguez", role = c("aut", "cre"), email = "daniel.rodriguez.perez@gmail.com") as necessary. Flavors: r-devel-linux-x86_64-debian-clang, r-devel-linux-x86_64-debian-gcc

mirror server hosted at Truenetwork, Russian Federation.