CRAN Package Check Results for Package gridBase

Last updated on 2025-02-21 17:50:43 CET.

Flavor Version Tinstall Tcheck Ttotal Status Flags
r-devel-linux-x86_64-debian-clang 0.4-7 1.77 23.12 24.89 NOTE
r-devel-linux-x86_64-debian-gcc 0.4-7 1.38 18.71 20.09 NOTE
r-devel-linux-x86_64-fedora-clang 0.4-7 39.60 NOTE
r-devel-linux-x86_64-fedora-gcc 0.4-7 52.35 NOTE
r-devel-macos-arm64 0.4-7 24.00 NOTE
r-devel-macos-x86_64 0.4-7 42.00 NOTE
r-devel-windows-x86_64 0.4-7 3.00 60.00 63.00 NOTE
r-patched-linux-x86_64 0.4-7 1.82 22.24 24.06 NOTE
r-release-linux-x86_64 0.4-7 1.58 22.73 24.31 NOTE
r-release-macos-arm64 0.4-7 29.00 NOTE
r-release-macos-x86_64 0.4-7 54.00 NOTE
r-release-windows-x86_64 0.4-7 3.00 60.00 63.00 NOTE
r-oldrel-macos-arm64 0.4-7 24.00 NOTE
r-oldrel-macos-x86_64 0.4-7 33.00 NOTE
r-oldrel-windows-x86_64 0.4-7 3.00 61.00 64.00 NOTE

Check Details

Version: 0.4-7
Check: DESCRIPTION meta-information
Result: NOTE Malformed Description field: should contain one or more complete sentences. Flavors: r-devel-linux-x86_64-debian-clang, r-devel-linux-x86_64-debian-gcc, r-devel-linux-x86_64-fedora-clang, r-devel-linux-x86_64-fedora-gcc, r-devel-macos-arm64, r-devel-macos-x86_64, r-devel-windows-x86_64, r-patched-linux-x86_64, r-release-linux-x86_64, r-release-macos-arm64, r-release-macos-x86_64, r-release-windows-x86_64, r-oldrel-macos-arm64, r-oldrel-macos-x86_64, r-oldrel-windows-x86_64

mirror server hosted at Truenetwork, Russian Federation.