Last updated on 2025-11-04 05:51:12 CET.
| Flavor | Version | Tinstall | Tcheck | Ttotal | Status | Flags | 
|---|---|---|---|---|---|---|
| r-devel-linux-x86_64-debian-clang | 2.5.0 | 290.22 | 84.37 | 374.59 | OK | |
| r-devel-linux-x86_64-debian-gcc | 2.5.0 | 179.52 | 70.44 | 249.96 | OK | |
| r-devel-linux-x86_64-fedora-clang | 2.5.0 | 1080.00 | -294.94 | 785.06 | OK | |
| r-devel-linux-x86_64-fedora-gcc | 2.5.0 | 538.00 | 69.51 | 607.51 | OK | |
| r-devel-windows-x86_64 | 2.5.0 | 322.00 | 135.00 | 457.00 | OK | |
| r-patched-linux-x86_64 | 2.5.0 | 267.78 | 94.95 | 362.73 | OK | |
| r-release-linux-x86_64 | 2.5.0 | 274.36 | 95.23 | 369.59 | OK | |
| r-release-macos-arm64 | 2.5.0 | 100.00 | 36.00 | 136.00 | OK | |
| r-release-macos-x86_64 | 2.5.0 | 90.00 | 88.00 | 178.00 | OK | |
| r-release-windows-x86_64 | 2.5.0 | 320.00 | 133.00 | 453.00 | OK | |
| r-oldrel-macos-arm64 | 2.5.0 | 97.00 | 41.00 | 138.00 | NOTE | |
| r-oldrel-macos-x86_64 | 2.5.0 | 86.00 | 93.00 | 179.00 | NOTE | |
| r-oldrel-windows-x86_64 | 2.5.0 | 369.00 | 164.00 | 533.00 | NOTE | 
Version: 2.5.0
Check: installed package size
Result: NOTE
    installed size is 39.7Mb
    sub-directories of 1Mb or more:
      libs  39.1Mb
Flavors: r-oldrel-macos-arm64, r-oldrel-macos-x86_64
Version: 2.5.0
Check: for GNU extensions in Makefiles
Result: NOTE
  GNU make is a SystemRequirements.
Flavors: r-oldrel-macos-arm64, r-oldrel-macos-x86_64, r-oldrel-windows-x86_64