Last updated on 2025-02-21 17:50:43 CET.
Flavor | Version | Tinstall | Tcheck | Ttotal | Status | Flags |
---|---|---|---|---|---|---|
r-devel-linux-x86_64-debian-clang | 1.2.2 | 54.62 | 42.35 | 96.97 | OK | |
r-devel-linux-x86_64-debian-gcc | 1.2.2 | 40.47 | 30.31 | 70.78 | OK | |
r-devel-linux-x86_64-fedora-clang | 1.2.2 | 183.53 | OK | |||
r-devel-linux-x86_64-fedora-gcc | 1.2.2 | 180.24 | OK | |||
r-devel-macos-arm64 | 1.2.2 | 47.00 | OK | |||
r-devel-macos-x86_64 | 1.2.2 | 72.00 | OK | |||
r-devel-windows-x86_64 | 1.2.2 | 59.00 | 85.00 | 144.00 | OK | |
r-patched-linux-x86_64 | 1.2.2 | 58.54 | 40.20 | 98.74 | OK | |
r-release-linux-x86_64 | 1.2.2 | 58.05 | 39.76 | 97.81 | OK | |
r-release-macos-arm64 | 1.2.2 | 50.00 | NOTE | |||
r-release-macos-x86_64 | 1.2.2 | 77.00 | NOTE | |||
r-release-windows-x86_64 | 1.2.2 | 60.00 | 83.00 | 143.00 | OK | |
r-oldrel-macos-arm64 | 1.2.1 | 48.00 | NOTE | |||
r-oldrel-macos-x86_64 | 1.2.2 | 80.00 | NOTE | |||
r-oldrel-windows-x86_64 | 1.2.2 | 70.00 | 94.00 | 164.00 | OK |
Version: 1.2.2
Check: installed package size
Result: NOTE
installed size is 6.3Mb
sub-directories of 1Mb or more:
help 2.2Mb
libs 3.9Mb
Flavors: r-release-macos-arm64, r-release-macos-x86_64, r-oldrel-macos-x86_64
Version: 1.2.1
Check: installed package size
Result: NOTE
installed size is 6.2Mb
sub-directories of 1Mb or more:
help 2.0Mb
libs 3.9Mb
Flavor: r-oldrel-macos-arm64