Last updated on 2025-11-04 11:52:32 CET.
| Flavor | Version | Tinstall | Tcheck | Ttotal | Status | Flags | 
|---|---|---|---|---|---|---|
| r-devel-linux-x86_64-debian-clang | 1.2.2 | 54.60 | 47.22 | 101.82 | OK | |
| r-devel-linux-x86_64-debian-gcc | 1.2.2 | 40.11 | 34.85 | 74.96 | OK | |
| r-devel-linux-x86_64-fedora-clang | 1.2.2 | 270.00 | -70.64 | 199.36 | OK | |
| r-devel-linux-x86_64-fedora-gcc | 1.2.2 | 88.00 | 79.30 | 167.30 | OK | |
| r-devel-windows-x86_64 | 1.2.2 | 69.00 | 87.00 | 156.00 | OK | |
| r-patched-linux-x86_64 | 1.2.2 | 54.93 | 43.17 | 98.10 | OK | |
| r-release-linux-x86_64 | 1.2.2 | 59.20 | 43.29 | 102.49 | OK | |
| r-release-macos-arm64 | 1.2.2 | 19.00 | 24.00 | 43.00 | OK | |
| r-release-macos-x86_64 | 1.2.2 | 24.00 | 63.00 | 87.00 | OK | |
| r-release-windows-x86_64 | 1.2.2 | 64.00 | 82.00 | 146.00 | OK | |
| r-oldrel-macos-arm64 | 1.2.2 | 21.00 | 29.00 | 50.00 | NOTE | |
| r-oldrel-macos-x86_64 | 1.2.2 | 25.00 | 52.00 | 77.00 | NOTE | |
| r-oldrel-windows-x86_64 | 1.2.2 | 78.00 | 101.00 | 179.00 | OK | 
Version: 1.2.2
Check: installed package size
Result: NOTE
    installed size is  6.3Mb
    sub-directories of 1Mb or more:
      help   2.2Mb
      libs   3.9Mb
Flavors: r-oldrel-macos-arm64, r-oldrel-macos-x86_64