CRAN Package Check Results for Package graph3d

Last updated on 2025-10-14 18:50:17 CEST.

Flavor Version Tinstall Tcheck Ttotal Status Flags
r-devel-linux-x86_64-debian-clang 0.2.0 2.53 27.86 30.39 OK
r-devel-linux-x86_64-debian-gcc 0.2.0 1.81 22.70 24.51 OK
r-devel-linux-x86_64-fedora-clang 0.2.0 45.47 OK
r-devel-linux-x86_64-fedora-gcc 0.2.0 43.26 OK
r-devel-windows-x86_64 0.2.0 5.00 45.00 50.00 OK
r-patched-linux-x86_64 0.2.0 2.50 26.91 29.41 OK
r-release-linux-x86_64 0.2.0 1.60 26.59 28.19 OK
r-release-macos-arm64 0.2.0 29.00 OK
r-release-macos-x86_64 0.2.0 30.00 OK
r-release-windows-x86_64 0.2.0 5.00 47.00 52.00 OK
r-oldrel-macos-arm64 0.2.0 19.00 NOTE
r-oldrel-macos-x86_64 0.2.0 27.00 NOTE
r-oldrel-windows-x86_64 0.2.0 6.00 52.00 58.00 NOTE

Check Details

Version: 0.2.0
Check: LazyData
Result: NOTE 'LazyData' is specified without a 'data' directory Flavors: r-oldrel-macos-arm64, r-oldrel-macos-x86_64, r-oldrel-windows-x86_64

mirror server hosted at Truenetwork, Russian Federation.