CRAN Package Check Results for Package grand

Last updated on 2025-07-16 07:49:07 CEST.

Flavor Version Tinstall Tcheck Ttotal Status Flags
r-devel-linux-x86_64-debian-clang 0.9.0 2.99 33.41 36.40 NOTE
r-devel-linux-x86_64-debian-gcc 0.9.0 2.46 26.06 28.52 NOTE
r-devel-linux-x86_64-fedora-clang 0.9.0 54.09 OK
r-devel-linux-x86_64-fedora-gcc 0.9.0 63.25 OK
r-devel-windows-x86_64 0.9.0 5.00 55.00 60.00 NOTE
r-patched-linux-x86_64 0.9.0 3.26 30.10 33.36 NOTE
r-release-linux-x86_64 0.9.0 3.26 30.25 33.51 NOTE
r-release-macos-arm64 0.9.0 45.00 OK
r-release-macos-x86_64 0.9.0 68.00 OK
r-release-windows-x86_64 0.9.0 5.00 58.00 63.00 NOTE
r-oldrel-macos-arm64 0.9.0 27.00 OK
r-oldrel-macos-x86_64 0.9.0 41.00 OK
r-oldrel-windows-x86_64 0.9.0 7.00 63.00 70.00 OK

Check Details

Version: 0.9.0
Check: Rd cross-references
Result: NOTE Found the following Rd file(s) with Rd \link{} targets missing package anchors: grand.Rd: igraph grand.table.Rd: igraph grand.text.Rd: igraph Please provide package anchors for all Rd \link{} targets not in the package itself and the base packages. Flavors: r-devel-linux-x86_64-debian-clang, r-devel-linux-x86_64-debian-gcc, r-devel-windows-x86_64, r-patched-linux-x86_64, r-release-linux-x86_64, r-release-windows-x86_64

mirror server hosted at Truenetwork, Russian Federation.