CRAN Package Check Results for Package grabsampling

Last updated on 2025-02-22 11:51:28 CET.

Flavor Version Tinstall Tcheck Ttotal Status Flags
r-devel-linux-x86_64-debian-clang 1.0.0 2.43 27.51 29.94 OK
r-devel-linux-x86_64-debian-gcc 1.0.0 2.08 20.12 22.20 OK
r-devel-linux-x86_64-fedora-clang 1.0.0 49.36 OK
r-devel-linux-x86_64-fedora-gcc 1.0.0 47.19 OK
r-devel-macos-arm64 1.0.0 21.00 OK
r-devel-macos-x86_64 1.0.0 37.00 OK
r-devel-windows-x86_64 1.0.0 5.00 50.00 55.00 OK
r-patched-linux-x86_64 1.0.0 2.53 26.37 28.90 NOTE
r-release-linux-x86_64 1.0.0 2.62 26.58 29.20 NOTE
r-release-macos-arm64 1.0.0 19.00 NOTE
r-release-macos-x86_64 1.0.0 26.00 NOTE
r-release-windows-x86_64 1.0.0 5.00 49.00 54.00 NOTE
r-oldrel-macos-arm64 1.0.0 21.00 NOTE
r-oldrel-macos-x86_64 1.0.0 28.00 NOTE
r-oldrel-windows-x86_64 1.0.0 5.00 54.00 59.00 NOTE

Check Details

Version: 1.0.0
Check: LazyData
Result: NOTE 'LazyData' is specified without a 'data' directory Flavors: r-patched-linux-x86_64, r-release-linux-x86_64, r-release-macos-arm64, r-release-macos-x86_64, r-release-windows-x86_64, r-oldrel-macos-arm64, r-oldrel-macos-x86_64, r-oldrel-windows-x86_64

mirror server hosted at Truenetwork, Russian Federation.