CRAN Package Check Results for Package graDiEnt

Last updated on 2025-11-28 17:48:41 CET.

Flavor Version Tinstall Tcheck Ttotal Status Flags
r-devel-linux-x86_64-debian-clang 1.0.1 1.99 21.48 23.47 NOTE
r-devel-linux-x86_64-debian-gcc 1.0.1 1.69 17.37 19.06 NOTE
r-devel-linux-x86_64-fedora-clang 1.0.1 10.00 25.42 35.42 OK
r-devel-linux-x86_64-fedora-gcc 1.0.1 30.32 OK
r-devel-windows-x86_64 1.0.1 7.00 37.00 44.00 OK
r-patched-linux-x86_64 1.0.1 2.07 19.12 21.19 OK
r-release-linux-x86_64 1.0.1 1.77 19.34 21.11 OK
r-release-macos-arm64 1.0.1 OK
r-release-macos-x86_64 1.0.1 2.00 23.00 25.00 OK
r-release-windows-x86_64 1.0.1 3.00 45.00 48.00 OK
r-oldrel-macos-arm64 1.0.1 OK
r-oldrel-macos-x86_64 1.0.1 2.00 19.00 21.00 OK
r-oldrel-windows-x86_64 1.0.1 4.00 42.00 46.00 OK

Check Details

Version: 1.0.1
Check: CRAN incoming feasibility
Result: NOTE Maintainer: ‘Brendan Matthew Galdo <Brendan.m.galdo@gmail.com>’ The BugReports field in DESCRIPTION has https://github.com/bmgaldo/graDiEnt which should likely be https://github.com/bmgaldo/graDiEnt/issues instead. Flavors: r-devel-linux-x86_64-debian-clang, r-devel-linux-x86_64-debian-gcc

mirror server hosted at Truenetwork, Russian Federation.