CRAN Package Check Results for Package gpcp

Last updated on 2025-11-03 11:49:43 CET.

Flavor Version Tinstall Tcheck Ttotal Status Flags
r-devel-linux-x86_64-debian-clang 0.1.0 67.89 420.83 488.72 OK
r-devel-linux-x86_64-debian-gcc 0.1.0 45.05 315.16 360.21 OK
r-devel-linux-x86_64-fedora-clang 0.1.0 401.00 433.16 834.16 NOTE
r-devel-linux-x86_64-fedora-gcc 0.1.0 145.00 594.74 739.74 NOTE
r-devel-windows-x86_64 0.1.0 71.00 346.00 417.00 OK
r-patched-linux-x86_64 0.1.0 0.20 1.95 2.15 ERROR
r-release-linux-x86_64 0.1.0 60.66 398.62 459.28 OK
r-release-macos-arm64 0.1.0 38.00 237.00 275.00 OK
r-release-macos-x86_64 0.1.0 52.00 326.00 378.00 OK
r-release-windows-x86_64 0.1.0 66.00 338.00 404.00 OK
r-oldrel-macos-arm64 0.1.0 33.00 212.00 245.00 OK
r-oldrel-macos-x86_64 0.1.0 54.00 295.00 349.00 OK
r-oldrel-windows-x86_64 0.1.0 87.00 464.00 551.00 OK

Check Details

Version: 0.1.0
Check: dependencies in R code
Result: NOTE Namespace in Imports field not imported from: ‘BiocManager’ All declared Imports should be used. Flavors: r-devel-linux-x86_64-fedora-clang, r-devel-linux-x86_64-fedora-gcc

Version: 0.1.0
Check: package dependencies
Result: ERROR Package required but not available: ‘VariantAnnotation’ See section ‘The DESCRIPTION file’ in the ‘Writing R Extensions’ manual. Flavor: r-patched-linux-x86_64

mirror server hosted at Truenetwork, Russian Federation.