CRAN Package Check Results for Package googlenlp

Last updated on 2025-07-11 18:52:18 CEST.

Flavor Version Tinstall Tcheck Ttotal Status Flags
r-devel-linux-x86_64-debian-clang 0.2.0 4.63 37.66 42.29 OK
r-devel-linux-x86_64-debian-gcc 0.2.0 3.32 28.80 32.12 OK
r-devel-linux-x86_64-fedora-clang 0.2.0 62.27 OK
r-devel-linux-x86_64-fedora-gcc 0.2.0 57.46 OK
r-devel-windows-x86_64 0.2.0 6.00 56.00 62.00 OK
r-patched-linux-x86_64 0.2.0 4.81 33.81 38.62 OK
r-release-linux-x86_64 0.2.0 4.79 33.23 38.02 OK
r-release-macos-arm64 0.2.0 26.00 OK
r-release-macos-x86_64 0.2.0 37.00 OK
r-release-windows-x86_64 0.2.0 6.00 55.00 61.00 OK
r-oldrel-macos-arm64 0.2.0 21.00 NOTE
r-oldrel-macos-x86_64 0.2.0 49.00 NOTE
r-oldrel-windows-x86_64 0.2.0 8.00 59.00 67.00 NOTE

Check Details

Version: 0.2.0
Check: LazyData
Result: NOTE 'LazyData' is specified without a 'data' directory Flavors: r-oldrel-macos-arm64, r-oldrel-macos-x86_64, r-oldrel-windows-x86_64

mirror server hosted at Truenetwork, Russian Federation.