Last updated on 2025-11-03 23:50:19 CET.
| Flavor | Version | Tinstall | Tcheck | Ttotal | Status | Flags | 
|---|---|---|---|---|---|---|
| r-devel-linux-x86_64-debian-clang | 0.8.7 | 30.18 | 41.85 | 72.03 | OK | |
| r-devel-linux-x86_64-debian-gcc | 0.8.7 | 22.27 | 34.56 | 56.83 | OK | |
| r-devel-linux-x86_64-fedora-clang | 0.8.7 | 132.00 | -2.79 | 129.21 | OK | |
| r-devel-linux-x86_64-fedora-gcc | 0.8.7 | 77.00 | 54.93 | 131.93 | OK | |
| r-devel-windows-x86_64 | 0.8.7 | 95.00 | 95.00 | 190.00 | OK | |
| r-patched-linux-x86_64 | 0.8.7 | 30.63 | 39.20 | 69.83 | OK | |
| r-release-linux-x86_64 | 0.8.7 | 33.73 | 39.13 | 72.86 | OK | |
| r-release-macos-arm64 | 0.8.7 | 12.00 | 44.00 | 56.00 | OK | |
| r-release-macos-x86_64 | 0.8.7 | 20.00 | 90.00 | 110.00 | OK | |
| r-release-windows-x86_64 | 0.8.7 | 94.00 | 86.00 | 180.00 | OK | |
| r-oldrel-macos-arm64 | 0.8.7 | 13.00 | 46.00 | 59.00 | NOTE | |
| r-oldrel-macos-x86_64 | 0.8.7 | 37.00 | 153.00 | 190.00 | NOTE | |
| r-oldrel-windows-x86_64 | 0.8.7 | 109.00 | 108.00 | 217.00 | NOTE | 
Version: 0.8.7
Check: installed package size
Result: NOTE
    installed size is 48.5Mb
    sub-directories of 1Mb or more:
      i     45.1Mb
      libs   2.6Mb
Flavors: r-oldrel-macos-arm64, r-oldrel-macos-x86_64, r-oldrel-windows-x86_64