CRAN Package Check Results for Package golem

Last updated on 2025-11-04 11:52:32 CET.

Flavor Version Tinstall Tcheck Ttotal Status Flags
r-devel-linux-x86_64-debian-clang 0.5.1 6.51 101.18 107.69 OK
r-devel-linux-x86_64-debian-gcc 0.5.1 3.92 72.82 76.74 OK
r-devel-linux-x86_64-fedora-clang 0.5.1 11.00 148.37 159.37 OK
r-devel-linux-x86_64-fedora-gcc 0.5.1 11.00 162.86 173.86 OK
r-devel-windows-x86_64 0.5.1 9.00 111.00 120.00 OK
r-patched-linux-x86_64 0.5.1 6.74 95.70 102.44 OK
r-release-linux-x86_64 0.5.1 5.72 96.84 102.56 OK
r-release-macos-arm64 0.5.1 3.00 58.00 61.00 ERROR
r-release-macos-x86_64 0.5.1 5.00 89.00 94.00 ERROR
r-release-windows-x86_64 0.5.1 9.00 105.00 114.00 OK
r-oldrel-macos-arm64 0.5.1 3.00 71.00 74.00 OK
r-oldrel-macos-x86_64 0.5.1 6.00 112.00 118.00 OK
r-oldrel-windows-x86_64 0.5.1 13.00 130.00 143.00 OK

Check Details

Version: 0.5.1
Check: tests
Result: ERROR Running ‘spelling.R’ [0s/0s] Running ‘testthat.R’ [0s/0s] Running the tests in ‘tests/testthat.R’ failed. Complete output: > # This file is part of the standard setup for testthat. > # It is recommended that you do not modify it. > # > # Where should you do additional test configuration? > # Learn more about the roles of various files in: > # * https://r-pkgs.org/testing-design.html#sec-tests-files-overview > # * https://testthat.r-lib.org/articles/special-files.html > > library(testthat) Error in library(testthat) : there is no package called 'testthat' Execution halted Flavors: r-release-macos-arm64, r-release-macos-x86_64

mirror server hosted at Truenetwork, Russian Federation.