Last updated on 2025-11-04 05:51:12 CET.
| Flavor | Version | Tinstall | Tcheck | Ttotal | Status | Flags | 
|---|---|---|---|---|---|---|
| r-devel-linux-x86_64-debian-clang | 0.7-5 | 14.03 | 88.36 | 102.39 | NOTE | |
| r-devel-linux-x86_64-debian-gcc | 0.7-5 | 10.33 | 62.39 | 72.72 | NOTE | |
| r-devel-linux-x86_64-fedora-clang | 0.7-5 | 58.00 | 105.76 | 163.76 | NOTE | |
| r-devel-linux-x86_64-fedora-gcc | 0.7-5 | 29.00 | 115.90 | 144.90 | NOTE | |
| r-devel-windows-x86_64 | 0.7-5 | 16.00 | 94.00 | 110.00 | NOTE | |
| r-patched-linux-x86_64 | 0.7-5 | 14.94 | 84.13 | 99.07 | NOTE | |
| r-release-linux-x86_64 | 0.7-5 | 13.67 | 83.99 | 97.66 | NOTE | |
| r-release-macos-arm64 | 0.7-5 | 5.00 | 40.00 | 45.00 | NOTE | |
| r-release-macos-x86_64 | 0.7-5 | 15.00 | 78.00 | 93.00 | NOTE | |
| r-release-windows-x86_64 | 0.7-5 | 16.00 | 90.00 | 106.00 | NOTE | |
| r-oldrel-macos-arm64 | 0.7-5 | 6.00 | 36.00 | 42.00 | NOTE | |
| r-oldrel-macos-x86_64 | 0.7-5 | 10.00 | 53.00 | 63.00 | NOTE | |
| r-oldrel-windows-x86_64 | 0.7-5 | 19.00 | 113.00 | 132.00 | NOTE | 
Version: 0.7-5
Check: Rd files
Result: NOTE
  checkRd: (-1) BVDWSTOXX.Rd:14: Escaped LaTeX specials: \&
  checkRd: (-1) BVDWSTOXX.Rd:15: Escaped LaTeX specials: \&
  checkRd: (-1) BVDWSTOXX.Rd:16: Escaped LaTeX specials: \& \&
  checkRd: (-1) BVDWSTOXX.Rd:26: Escaped LaTeX specials: \&
  checkRd: (-1) BVDWSTOXX.Rd:31: Escaped LaTeX specials: \&
  checkRd: (-1) BVDWSTOXX.Rd:34: Escaped LaTeX specials: \&
  checkRd: (-1) BVDWSTOXX.Rd:37: Escaped LaTeX specials: \&
Flavors: r-devel-linux-x86_64-debian-clang, r-devel-linux-x86_64-debian-gcc, r-devel-linux-x86_64-fedora-clang, r-devel-linux-x86_64-fedora-gcc, r-devel-windows-x86_64, r-patched-linux-x86_64, r-release-linux-x86_64, r-release-macos-arm64, r-release-macos-x86_64, r-release-windows-x86_64, r-oldrel-macos-arm64, r-oldrel-macos-x86_64, r-oldrel-windows-x86_64