Last updated on 2025-11-03 23:50:19 CET.
| Flavor | Version | Tinstall | Tcheck | Ttotal | Status | Flags | 
|---|---|---|---|---|---|---|
| r-devel-linux-x86_64-debian-clang | 2.0.0 | 6.56 | 73.07 | 79.63 | NOTE | |
| r-devel-linux-x86_64-debian-gcc | 2.0.0 | 5.08 | 50.94 | 56.02 | NOTE | |
| r-devel-linux-x86_64-fedora-clang | 2.0.0 | 14.00 | 106.93 | 120.93 | NOTE | |
| r-devel-linux-x86_64-fedora-gcc | 2.0.0 | 16.00 | 111.51 | 127.51 | NOTE | |
| r-devel-windows-x86_64 | 2.0.0 | 9.00 | 89.00 | 98.00 | NOTE | |
| r-patched-linux-x86_64 | 2.0.0 | 7.11 | 67.51 | 74.62 | NOTE | |
| r-release-linux-x86_64 | 2.0.0 | 6.43 | 69.19 | 75.62 | NOTE | |
| r-release-macos-arm64 | 2.0.0 | 4.00 | 53.00 | 57.00 | NOTE | |
| r-release-macos-x86_64 | 2.0.0 | 7.00 | 88.00 | 95.00 | NOTE | |
| r-release-windows-x86_64 | 2.0.0 | 11.00 | 84.00 | 95.00 | NOTE | |
| r-oldrel-macos-arm64 | 2.0.0 | 4.00 | 46.00 | 50.00 | OK | |
| r-oldrel-macos-x86_64 | 2.0.0 | 13.00 | 113.00 | 126.00 | OK | |
| r-oldrel-windows-x86_64 | 2.0.0 | 13.00 | 105.00 | 118.00 | OK | 
Version: 2.0.0
Check: CRAN incoming feasibility
Result: NOTE
  Maintainer: ‘Renfei Mao <renfeimao@gmail.com>’
  
  No Authors@R field in DESCRIPTION.
  Please add one, modifying
    Authors@R: person(given = "Renfei",
                      family = "Mao",
                      role = c("aut", "cre"),
                      email = "renfeimao@gmail.com")
  as necessary.
Flavors: r-devel-linux-x86_64-debian-clang, r-devel-linux-x86_64-debian-gcc
Version: 2.0.0
Check: DESCRIPTION meta-information
Result: NOTE
    Missing dependency on R >= 4.1.0 because package code uses the pipe
    |> or function shorthand \(...) syntax added in R 4.1.0.
    File(s) using such syntax:
      ‘1-pitch-normalize-value.R’
Flavors: r-devel-linux-x86_64-debian-clang, r-devel-linux-x86_64-debian-gcc, r-devel-linux-x86_64-fedora-clang, r-devel-linux-x86_64-fedora-gcc, r-devel-windows-x86_64, r-patched-linux-x86_64, r-release-linux-x86_64, r-release-macos-arm64, r-release-macos-x86_64, r-release-windows-x86_64