Last updated on 2025-11-03 23:50:19 CET.
| Flavor | Version | Tinstall | Tcheck | Ttotal | Status | Flags | 
|---|---|---|---|---|---|---|
| r-devel-linux-x86_64-debian-clang | 0.13.0 | 28.10 | 75.06 | 103.16 | OK | |
| r-devel-linux-x86_64-debian-gcc | 0.13.0 | 19.51 | 55.03 | 74.54 | OK | |
| r-devel-linux-x86_64-fedora-clang | 0.13.0 | 123.00 | 54.38 | 177.38 | OK | |
| r-devel-linux-x86_64-fedora-gcc | 0.13.0 | 64.00 | 109.46 | 173.46 | OK | |
| r-devel-windows-x86_64 | 0.13.0 | 33.00 | 113.00 | 146.00 | OK | |
| r-patched-linux-x86_64 | 0.13.0 | 27.32 | 70.61 | 97.93 | OK | |
| r-release-linux-x86_64 | 0.13.0 | 28.83 | 71.47 | 100.30 | OK | |
| r-release-macos-arm64 | 0.13.0 | 15.00 | 49.00 | 64.00 | OK | |
| r-release-macos-x86_64 | 0.13.0 | 23.00 | 92.00 | 115.00 | OK | |
| r-release-windows-x86_64 | 0.13.0 | 34.00 | 109.00 | 143.00 | OK | |
| r-oldrel-macos-arm64 | 0.13.0 | 7.00 | 30.00 | 37.00 | NOTE | |
| r-oldrel-macos-x86_64 | 0.13.0 | 13.00 | 59.00 | 72.00 | NOTE | |
| r-oldrel-windows-x86_64 | 0.13.0 | 40.00 | 135.00 | 175.00 | OK | 
Version: 0.13.0
Check: installed package size
Result: NOTE
    installed size is 11.5Mb
    sub-directories of 1Mb or more:
      doc    1.3Mb
      libs   9.9Mb
Flavors: r-oldrel-macos-arm64, r-oldrel-macos-x86_64