Last updated on 2025-11-03 17:49:51 CET.
| Flavor | Version | Tinstall | Tcheck | Ttotal | Status | Flags |
|---|---|---|---|---|---|---|
| r-devel-linux-x86_64-debian-clang | 0.8.0 | 5.20 | 81.60 | 86.80 | OK | |
| r-devel-linux-x86_64-debian-gcc | 0.8.0 | 3.53 | 52.64 | 56.17 | OK | |
| r-devel-linux-x86_64-fedora-clang | 0.8.0 | 13.00 | 116.25 | 129.25 | NOTE | |
| r-devel-linux-x86_64-fedora-gcc | 0.8.0 | 135.71 | NOTE | |||
| r-devel-windows-x86_64 | 0.8.0 | 9.00 | 85.00 | 94.00 | OK | |
| r-patched-linux-x86_64 | 0.8.0 | 5.44 | 73.78 | 79.22 | OK | |
| r-release-linux-x86_64 | 0.8.0 | 4.80 | 67.35 | 72.15 | OK | |
| r-release-macos-arm64 | 0.8.0 | 3.00 | 52.00 | 55.00 | OK | |
| r-release-macos-x86_64 | 0.8.0 | 5.00 | 69.00 | 74.00 | OK | |
| r-release-windows-x86_64 | 0.8.0 | 10.00 | 83.00 | 93.00 | OK | |
| r-oldrel-macos-arm64 | 0.8.0 | 2.00 | 41.00 | 43.00 | OK | |
| r-oldrel-macos-x86_64 | 0.8.0 | 4.00 | 57.00 | 61.00 | OK | |
| r-oldrel-windows-x86_64 | 0.8.0 | 10.00 | 106.00 | 116.00 | OK |
Version: 0.8.0
Check: dependencies in R code
Result: NOTE
Namespace in Imports field not imported from: ‘rlang’
All declared Imports should be used.
Flavors: r-devel-linux-x86_64-fedora-clang, r-devel-linux-x86_64-fedora-gcc