Last updated on 2025-05-22 12:50:01 CEST.
Flavor | Version | Tinstall | Tcheck | Ttotal | Status | Flags |
---|---|---|---|---|---|---|
r-devel-linux-x86_64-debian-clang | 0.98 | 10.70 | 65.35 | 76.05 | NOTE | |
r-devel-linux-x86_64-debian-gcc | 0.98 | 8.19 | 47.97 | 56.16 | NOTE | |
r-devel-linux-x86_64-fedora-clang | 0.98 | 122.74 | OK | |||
r-devel-linux-x86_64-fedora-gcc | 0.98 | 121.69 | OK | |||
r-devel-windows-x86_64 | 0.98 | 15.00 | 104.00 | 119.00 | OK | |
r-patched-linux-x86_64 | 0.98 | 9.43 | 63.13 | 72.56 | OK | |
r-release-linux-x86_64 | 0.98 | 11.34 | 62.04 | 73.38 | OK | |
r-release-macos-arm64 | 0.98 | 49.00 | OK | |||
r-release-macos-x86_64 | 0.98 | 71.00 | OK | |||
r-release-windows-x86_64 | 0.98 | 15.00 | 130.00 | 145.00 | OK | |
r-oldrel-macos-arm64 | 0.98 | 40.00 | OK | |||
r-oldrel-macos-x86_64 | 0.98 | 57.00 | OK | |||
r-oldrel-windows-x86_64 | 0.98 | 17.00 | 96.00 | 113.00 | OK |
Version: 0.98
Check: CRAN incoming feasibility
Result: NOTE
Maintainer: ‘Mee Young Park <meeyoung@google.com>’
No Authors@R field in DESCRIPTION.
Please add one, modifying
Authors@R: c(person(given = c("Mee", "Young"),
family = "Park",
role = c("aut", "cre"),
email = "meeyoung@google.com"),
person(given = "Trevor",
family = "Hastie",
role = "aut"))
as necessary.
Flavors: r-devel-linux-x86_64-debian-clang, r-devel-linux-x86_64-debian-gcc