Last updated on 2025-11-04 05:51:12 CET.
| Flavor | Version | Tinstall | Tcheck | Ttotal | Status | Flags | 
|---|---|---|---|---|---|---|
| r-devel-linux-x86_64-debian-clang | 0.3.6 | 155.08 | 153.00 | 308.08 | OK | |
| r-devel-linux-x86_64-debian-gcc | 0.3.6 | 163.46 | 124.26 | 287.72 | OK | |
| r-devel-linux-x86_64-fedora-clang | 0.3.6 | 592.00 | -66.12 | 525.88 | OK | |
| r-devel-linux-x86_64-fedora-gcc | 0.3.6 | 375.00 | 240.82 | 615.82 | OK | |
| r-devel-windows-x86_64 | 0.3.6 | 180.00 | 174.00 | 354.00 | OK | |
| r-patched-linux-x86_64 | 0.3.6 | 193.32 | 169.60 | 362.92 | OK | |
| r-release-linux-x86_64 | 0.3.6 | 198.48 | 169.94 | 368.42 | OK | |
| r-release-macos-arm64 | 0.3.6 | 55.00 | 54.00 | 109.00 | OK | |
| r-release-macos-x86_64 | 0.3.6 | 91.00 | 95.00 | 186.00 | OK | |
| r-release-windows-x86_64 | 0.3.6 | 183.00 | 173.00 | 356.00 | OK | |
| r-oldrel-macos-arm64 | 0.3.6 | 52.00 | 54.00 | 106.00 | NOTE | |
| r-oldrel-macos-x86_64 | 0.3.6 | 90.00 | 77.00 | 167.00 | NOTE | |
| r-oldrel-windows-x86_64 | 0.3.6 | 230.00 | 222.00 | 452.00 | OK | 
Version: 0.3.6
Check: installed package size
Result: NOTE
    installed size is 45.7Mb
    sub-directories of 1Mb or more:
      libs  45.5Mb
Flavors: r-oldrel-macos-arm64, r-oldrel-macos-x86_64