CRAN Package Check Results for Package glmc

Last updated on 2025-11-04 11:52:32 CET.

Flavor Version Tinstall Tcheck Ttotal Status Flags
r-devel-linux-x86_64-debian-clang 0.3-1 6.56 70.76 77.32 NOTE
r-devel-linux-x86_64-debian-gcc 0.3-1 5.49 52.72 58.21 NOTE
r-devel-linux-x86_64-fedora-clang 0.3-1 15.00 96.30 111.30 NOTE
r-devel-linux-x86_64-fedora-gcc 0.3-1 15.00 90.35 105.35 NOTE
r-devel-windows-x86_64 0.3-1 9.00 84.00 93.00 NOTE
r-patched-linux-x86_64 0.3-1 8.02 66.68 74.70 NOTE
r-release-linux-x86_64 0.3-1 6.57 66.17 72.74 NOTE
r-release-macos-arm64 0.3-1 3.00 37.00 40.00 NOTE
r-release-macos-x86_64 0.3-1 8.00 74.00 82.00 NOTE
r-release-windows-x86_64 0.3-1 8.00 82.00 90.00 NOTE
r-oldrel-macos-arm64 0.3-1 3.00 33.00 36.00 NOTE
r-oldrel-macos-x86_64 0.3-1 6.00 55.00 61.00 NOTE
r-oldrel-windows-x86_64 0.3-1 11.00 100.00 111.00 NOTE

Check Details

Version: 0.3-1
Check: CRAN incoming feasibility
Result: NOTE Maintainer: ‘Sanjay Chaudhuri <sanjay@stat.nus.edu.sg>’ Package CITATION file contains call(s) to old-style personList() or as.personList(). Please use c() on person objects instead. Package CITATION file contains call(s) to old-style citEntry(). Please use bibentry() instead. Flavors: r-devel-linux-x86_64-debian-clang, r-devel-linux-x86_64-debian-gcc

Version: 0.3-1
Check: Rd files
Result: NOTE checkRd: (-1) glmc.Rd:232: Escaped LaTeX specials: \& checkRd: (-1) glmc.Rd:241: Escaped LaTeX specials: \& checkRd: (-1) glmc.control.Rd:29: Escaped LaTeX specials: \$ checkRd: (-1) glmc.control.Rd:31: Escaped LaTeX specials: \$ checkRd: (-1) glmc.summaries.Rd:79: Escaped LaTeX specials: \& Flavors: r-devel-linux-x86_64-debian-clang, r-devel-linux-x86_64-debian-gcc, r-devel-linux-x86_64-fedora-clang, r-devel-linux-x86_64-fedora-gcc, r-devel-windows-x86_64, r-patched-linux-x86_64, r-release-linux-x86_64, r-release-macos-arm64, r-release-macos-x86_64, r-release-windows-x86_64, r-oldrel-macos-arm64, r-oldrel-macos-x86_64, r-oldrel-windows-x86_64

mirror server hosted at Truenetwork, Russian Federation.