CRAN Package Check Results for Package glba

Last updated on 2025-07-13 06:48:25 CEST.

Flavor Version Tinstall Tcheck Ttotal Status Flags
r-devel-linux-x86_64-debian-clang 0.2.1 2.03 24.13 26.16 NOTE
r-devel-linux-x86_64-debian-gcc 0.2.1 1.70 19.22 20.92 NOTE
r-devel-linux-x86_64-fedora-clang 0.2.1 39.33 OK
r-devel-linux-x86_64-fedora-gcc 0.2.1 38.02 OK
r-devel-windows-x86_64 0.2.1 4.00 53.00 57.00 OK
r-patched-linux-x86_64 0.2.1 2.31 23.40 25.71 OK
r-release-linux-x86_64 0.2.1 1.97 23.28 25.25 OK
r-release-macos-arm64 0.2.1 19.00 OK
r-release-macos-x86_64 0.2.1 28.00 OK
r-release-windows-x86_64 0.2.1 3.00 56.00 59.00 OK
r-oldrel-macos-arm64 0.2.1 18.00 OK
r-oldrel-macos-x86_64 0.2.1 27.00 OK
r-oldrel-windows-x86_64 0.2.1 3.00 50.00 53.00 OK

Check Details

Version: 0.2.1
Check: CRAN incoming feasibility
Result: NOTE Maintainer: ‘Ingmar Visser <i.visser@uva.nl>’ No Authors@R field in DESCRIPTION. Please add one, modifying Authors@R: person(given = "Ingmar", family = "Visser", role = c("aut", "cre"), email = "i.visser@uva.nl") as necessary. Flavors: r-devel-linux-x86_64-debian-clang, r-devel-linux-x86_64-debian-gcc

mirror server hosted at Truenetwork, Russian Federation.