Last updated on 2025-11-04 05:51:12 CET.
| Flavor | Version | Tinstall | Tcheck | Ttotal | Status | Flags | 
|---|---|---|---|---|---|---|
| r-devel-linux-x86_64-debian-clang | 1.1.1 | 10.51 | 92.55 | 103.06 | OK | |
| r-devel-linux-x86_64-debian-gcc | 1.1.1 | 5.86 | 64.57 | 70.43 | OK | |
| r-devel-linux-x86_64-fedora-clang | 1.1.1 | 21.00 | 127.29 | 148.29 | OK | |
| r-devel-linux-x86_64-fedora-gcc | 1.1.1 | 19.00 | 135.12 | 154.12 | OK | |
| r-devel-windows-x86_64 | 1.1.1 | 12.00 | 107.00 | 119.00 | OK | |
| r-patched-linux-x86_64 | 1.1.1 | 9.78 | 84.65 | 94.43 | OK | |
| r-release-linux-x86_64 | 1.1.1 | 8.95 | 84.43 | 93.38 | OK | |
| r-release-macos-arm64 | 1.1.1 | 5.00 | 79.00 | 84.00 | OK | |
| r-release-macos-x86_64 | 1.1.1 | 12.00 | 118.00 | 130.00 | OK | |
| r-release-windows-x86_64 | 1.1.1 | 11.00 | 104.00 | 115.00 | OK | |
| r-oldrel-macos-arm64 | 1.1.1 | 4.00 | 58.00 | 62.00 | OK | |
| r-oldrel-macos-x86_64 | 1.1.1 | 7.00 | 122.00 | 129.00 | OK | |
| r-oldrel-windows-x86_64 | 1.1.1 | 14.00 | 125.00 | 139.00 | ERROR | 
Version: 1.1.1
Check: re-building of vignette outputs
Result: ERROR
  Error(s) in re-building vignettes:
  --- re-building 'quick-start.Rmd' using rmarkdown
  File output_timepoints/exp_v_obs_scatter.png not found in resource path
  Error: processing vignette 'quick-start.Rmd' failed with diagnostics:
  pandoc document conversion failed with error 99
  --- failed re-building 'quick-start.Rmd'
  
  --- re-building 'timepoint-example.Rmd' using rmarkdown
  Warning in get_engine(options$engine) :
    Unknown language engine 'reval' (must be registered via knit_engines$set()).
  File output_timepoints/exp_v_obs_scatter.png not found in resource path
  Error: processing vignette 'timepoint-example.Rmd' failed with diagnostics:
  pandoc document conversion failed with error 99
  --- failed re-building 'timepoint-example.Rmd'
  
  --- re-building 'treatment_example.Rmd' using rmarkdown
  File output_treatment/exp_v_obs_scatter.png not found in resource path
  Error: processing vignette 'treatment_example.Rmd' failed with diagnostics:
  pandoc document conversion failed with error 99
  --- failed re-building 'treatment_example.Rmd'
  
  SUMMARY: processing the following files failed:
    'quick-start.Rmd' 'timepoint-example.Rmd' 'treatment_example.Rmd'
  
  Error: Vignette re-building failed.
  Execution halted
Flavor: r-oldrel-windows-x86_64