Last updated on 2025-11-04 05:51:12 CET.
| Flavor | Version | Tinstall | Tcheck | Ttotal | Status | Flags | 
|---|---|---|---|---|---|---|
| r-devel-linux-x86_64-debian-clang | 0.33.1 | 5.80 | 54.98 | 60.78 | NOTE | |
| r-devel-linux-x86_64-debian-gcc | 0.33.1 | 4.41 | 41.18 | 45.59 | NOTE | |
| r-devel-linux-x86_64-fedora-clang | 0.33.1 | 21.00 | 73.79 | 94.79 | OK | |
| r-devel-linux-x86_64-fedora-gcc | 0.33.1 | 12.00 | 86.33 | 98.33 | OK | |
| r-devel-windows-x86_64 | 0.33.1 | 7.00 | 67.00 | 74.00 | OK | |
| r-patched-linux-x86_64 | 0.33.1 | 5.57 | 51.34 | 56.91 | OK | |
| r-release-linux-x86_64 | 0.33.1 | 5.67 | 50.99 | 56.66 | OK | |
| r-release-macos-arm64 | 0.33.1 | 3.00 | 35.00 | 38.00 | OK | |
| r-release-macos-x86_64 | 0.33.1 | 5.00 | 72.00 | 77.00 | OK | |
| r-release-windows-x86_64 | 0.33.1 | 6.00 | 65.00 | 71.00 | OK | |
| r-oldrel-macos-arm64 | 0.33.1 | 3.00 | 32.00 | 35.00 | OK | |
| r-oldrel-macos-x86_64 | 0.33.1 | 4.00 | 64.00 | 68.00 | OK | |
| r-oldrel-windows-x86_64 | 0.33.1 | 6.00 | 78.00 | 84.00 | OK | 
Version: 0.33.1
Check: CRAN incoming feasibility
Result: NOTE
  Maintainer: ‘Han Zhang <zhangh.ustc@gmail.com>’
  
  No Authors@R field in DESCRIPTION.
  Please add one, modifying
    Authors@R: c(person(given = "Han",
                        family = "Zhang",
                        role = c("aut", "cre"),
                        email = "zhangh.ustc@gmail.com"),
                 person(given = "Kai",
                        family = "Yu",
                        role = "aut"))
  as necessary.
Flavors: r-devel-linux-x86_64-debian-clang, r-devel-linux-x86_64-debian-gcc