Last updated on 2025-02-21 17:50:42 CET.
Flavor | Version | Tinstall | Tcheck | Ttotal | Status | Flags |
---|---|---|---|---|---|---|
r-devel-linux-x86_64-debian-clang | 1.32.0-1 | 115.60 | 17.31 | 132.91 | OK | |
r-devel-linux-x86_64-debian-gcc | 1.32.0-1 | 93.70 | 14.59 | 108.29 | OK | |
r-devel-linux-x86_64-fedora-clang | 1.32.0-1 | 216.32 | OK | |||
r-devel-linux-x86_64-fedora-gcc | 1.32.0-1 | 216.55 | OK | |||
r-devel-macos-arm64 | 1.32.0-1 | 85.00 | OK | |||
r-devel-macos-x86_64 | 1.32.0-1 | 121.00 | OK | |||
r-devel-windows-x86_64 | 1.32.0-1 | 110.00 | 57.00 | 167.00 | OK | |
r-patched-linux-x86_64 | 1.32.0-1 | 115.76 | 16.79 | 132.55 | OK | |
r-release-linux-x86_64 | 1.32.0-1 | 115.81 | 16.73 | 132.54 | OK | |
r-release-macos-arm64 | 1.32.0-1 | 96.00 | NOTE | |||
r-release-macos-x86_64 | 1.32.0-1 | 123.00 | NOTE | |||
r-release-windows-x86_64 | 1.32.0-1 | 129.00 | 70.00 | 199.00 | OK | |
r-oldrel-macos-arm64 | 1.32.0-1 | 96.00 | NOTE | |||
r-oldrel-macos-x86_64 | 1.32.0-1 | 139.00 | NOTE | |||
r-oldrel-windows-x86_64 | 1.32.0-1 | 100.00 | 93.00 | 193.00 | OK |
Version: 1.32.0-1
Check: installed package size
Result: NOTE
installed size is 8.4Mb
sub-directories of 1Mb or more:
libs 8.4Mb
Flavors: r-release-macos-arm64, r-release-macos-x86_64, r-oldrel-macos-arm64, r-oldrel-macos-x86_64