Last updated on 2025-11-04 05:51:12 CET.
| Flavor | Version | Tinstall | Tcheck | Ttotal | Status | Flags | 
|---|---|---|---|---|---|---|
| r-devel-linux-x86_64-debian-clang | 1.1.2 | 88.59 | 53.62 | 142.21 | OK | |
| r-devel-linux-x86_64-debian-gcc | 1.1.2 | 66.35 | 39.61 | 105.96 | OK | |
| r-devel-linux-x86_64-fedora-clang | 1.1.2 | 221.00 | 54.58 | 275.58 | OK | |
| r-devel-linux-x86_64-fedora-gcc | 1.1.2 | 175.00 | 69.18 | 244.18 | OK | |
| r-devel-windows-x86_64 | 1.1.2 | 167.00 | 92.00 | 259.00 | OK | |
| r-patched-linux-x86_64 | 1.1.2 | 99.75 | 47.84 | 147.59 | OK | |
| r-release-linux-x86_64 | 1.1.2 | 97.58 | 47.15 | 144.73 | OK | |
| r-release-macos-arm64 | 1.1.2 | 36.00 | 24.00 | 60.00 | OK | |
| r-release-macos-x86_64 | 1.1.2 | 26.00 | 45.00 | 71.00 | OK | |
| r-release-windows-x86_64 | 1.1.2 | 170.00 | 92.00 | 262.00 | OK | |
| r-oldrel-macos-arm64 | 1.1.2 | 35.00 | 30.00 | 65.00 | NOTE | |
| r-oldrel-macos-x86_64 | 1.1.2 | 28.00 | 59.00 | 87.00 | NOTE | |
| r-oldrel-windows-x86_64 | 1.1.2 | 198.00 | 109.00 | 307.00 | NOTE | 
Version: 1.1.2
Check: installed package size
Result: NOTE
    installed size is  7.4Mb
    sub-directories of 1Mb or more:
      libs   7.1Mb
Flavors: r-oldrel-macos-arm64, r-oldrel-macos-x86_64
Version: 1.1.2
Check: for GNU extensions in Makefiles
Result: NOTE
  GNU make is a SystemRequirements.
Flavors: r-oldrel-macos-arm64, r-oldrel-macos-x86_64, r-oldrel-windows-x86_64