Last updated on 2025-11-04 05:51:12 CET.
| Flavor | Version | Tinstall | Tcheck | Ttotal | Status | Flags | 
|---|---|---|---|---|---|---|
| r-devel-linux-x86_64-debian-clang | 1.0.1 | 3.73 | 30.64 | 34.37 | OK | |
| r-devel-linux-x86_64-debian-gcc | 1.0.1 | 3.33 | 24.48 | 27.81 | OK | |
| r-devel-linux-x86_64-fedora-clang | 1.0.1 | 11.00 | 39.86 | 50.86 | OK | |
| r-devel-linux-x86_64-fedora-gcc | 1.0.1 | 10.00 | 35.47 | 45.47 | OK | |
| r-devel-windows-x86_64 | 1.0.1 | 10.00 | 50.00 | 60.00 | OK | |
| r-patched-linux-x86_64 | 1.0.1 | 3.77 | 28.20 | 31.97 | OK | |
| r-release-linux-x86_64 | 1.0.1 | 3.49 | 28.29 | 31.78 | OK | |
| r-release-macos-arm64 | 1.0.1 | 14.00 | 26.00 | 40.00 | OK | |
| r-release-macos-x86_64 | 1.0.1 | 34.00 | 39.00 | 73.00 | OK | |
| r-release-windows-x86_64 | 1.0.1 | 10.00 | 49.00 | 59.00 | OK | |
| r-oldrel-macos-arm64 | 1.0.1 | 11.00 | 25.00 | 36.00 | NOTE | |
| r-oldrel-macos-x86_64 | 1.0.1 | 14.00 | 33.00 | 47.00 | NOTE | |
| r-oldrel-windows-x86_64 | 1.0.1 | 11.00 | 56.00 | 67.00 | NOTE | 
Version: 1.0.1
Check: installed package size
Result: NOTE
    installed size is 18.0Mb
    sub-directories of 1Mb or more:
      Giac  17.9Mb
Flavors: r-oldrel-macos-arm64, r-oldrel-macos-x86_64, r-oldrel-windows-x86_64