CRAN Package Check Results for Package ggx

Last updated on 2025-07-19 06:48:32 CEST.

Flavor Version Tinstall Tcheck Ttotal Status Flags
r-devel-linux-x86_64-debian-clang 0.1.1 1.74 31.03 32.77 OK
r-devel-linux-x86_64-debian-gcc 0.1.1 1.41 24.72 26.13 OK
r-devel-linux-x86_64-fedora-clang 0.1.1 49.87 NOTE
r-devel-linux-x86_64-fedora-gcc 0.1.1 59.44 NOTE
r-devel-windows-x86_64 0.1.1 3.00 50.00 53.00 OK
r-patched-linux-x86_64 0.1.1 1.77 28.96 30.73 OK
r-release-linux-x86_64 0.1.1 1.42 29.62 31.04 OK
r-release-macos-arm64 0.1.1 51.00 OK
r-release-macos-x86_64 0.1.1 45.00 OK
r-release-windows-x86_64 0.1.1 4.00 49.00 53.00 OK
r-oldrel-macos-arm64 0.1.1 24.00 NOTE
r-oldrel-macos-x86_64 0.1.1 37.00 NOTE
r-oldrel-windows-x86_64 0.1.1 4.00 55.00 59.00 NOTE

Check Details

Version: 0.1.1
Check: dependencies in R code
Result: NOTE Namespace in Imports field not imported from: ‘ggplot2’ All declared Imports should be used. Flavors: r-devel-linux-x86_64-fedora-clang, r-devel-linux-x86_64-fedora-gcc

Version: 0.1.1
Check: LazyData
Result: NOTE 'LazyData' is specified without a 'data' directory Flavors: r-oldrel-macos-arm64, r-oldrel-macos-x86_64, r-oldrel-windows-x86_64

mirror server hosted at Truenetwork, Russian Federation.