CRAN Package Check Results for Package ggx

Last updated on 2025-05-28 00:49:02 CEST.

Flavor Version Tinstall Tcheck Ttotal Status Flags
r-devel-linux-x86_64-debian-clang 0.1.1 1.70 30.37 32.07 OK
r-devel-linux-x86_64-debian-gcc 0.1.1 1.46 23.36 24.82 OK
r-devel-linux-x86_64-fedora-clang 0.1.1 50.64 NOTE
r-devel-linux-x86_64-fedora-gcc 0.1.1 58.97 NOTE
r-devel-windows-x86_64 0.1.1 5.00 72.00 77.00 OK
r-patched-linux-x86_64 0.1.1 1.43 28.83 30.26 OK
r-release-linux-x86_64 0.1.1 1.79 28.86 30.65 OK
r-release-macos-arm64 0.1.1 51.00 OK
r-release-macos-x86_64 0.1.1 45.00 OK
r-release-windows-x86_64 0.1.1 3.00 52.00 55.00 OK
r-oldrel-macos-arm64 0.1.1 24.00 NOTE
r-oldrel-macos-x86_64 0.1.1 37.00 NOTE
r-oldrel-windows-x86_64 0.1.1 4.00 60.00 64.00 NOTE

Check Details

Version: 0.1.1
Check: dependencies in R code
Result: NOTE Namespace in Imports field not imported from: ‘ggplot2’ All declared Imports should be used. Flavors: r-devel-linux-x86_64-fedora-clang, r-devel-linux-x86_64-fedora-gcc

Version: 0.1.1
Check: LazyData
Result: NOTE 'LazyData' is specified without a 'data' directory Flavors: r-oldrel-macos-arm64, r-oldrel-macos-x86_64, r-oldrel-windows-x86_64

mirror server hosted at Truenetwork, Russian Federation.