CRAN Package Check Results for Package ggvis

Last updated on 2025-07-13 18:52:45 CEST.

Flavor Version Tinstall Tcheck Ttotal Status Flags
r-devel-linux-x86_64-debian-clang 0.4.9 10.34 91.07 101.41 NOTE
r-devel-linux-x86_64-debian-gcc 0.4.9 6.54 62.05 68.59 NOTE
r-devel-linux-x86_64-fedora-clang 0.4.9 150.11 OK
r-devel-linux-x86_64-fedora-gcc 0.4.9 136.25 OK
r-devel-windows-x86_64 0.4.9 12.00 118.00 130.00 OK
r-patched-linux-x86_64 0.4.9 11.50 84.30 95.80 NOTE
r-release-linux-x86_64 0.4.9 8.23 83.97 92.20 NOTE
r-release-macos-arm64 0.4.9 48.00 OK
r-release-macos-x86_64 0.4.9 80.00 OK
r-release-windows-x86_64 0.4.9 14.00 118.00 132.00 OK
r-oldrel-macos-arm64 0.4.9 42.00 OK
r-oldrel-macos-x86_64 0.4.9 68.00 OK
r-oldrel-windows-x86_64 0.4.9 16.00 133.00 149.00 OK

Check Details

Version: 0.4.9
Check: for unstated dependencies in ‘demo’
Result: NOTE 'library' or 'require' calls not declared from: ‘nasaweather’ ‘tourr’ 'data(package=)' call not declared from: ‘ggplot2’ Flavors: r-devel-linux-x86_64-debian-clang, r-devel-linux-x86_64-debian-gcc, r-patched-linux-x86_64, r-release-linux-x86_64

mirror server hosted at Truenetwork, Russian Federation.