Last updated on 2025-02-22 11:51:28 CET.
Flavor | Version | Tinstall | Tcheck | Ttotal | Status | Flags |
---|---|---|---|---|---|---|
r-devel-linux-x86_64-debian-clang | 0.0.6 | 6.22 | 77.74 | 83.96 | NOTE | |
r-devel-linux-x86_64-debian-gcc | 0.0.6 | 3.36 | 56.46 | 59.82 | NOTE | |
r-devel-linux-x86_64-fedora-clang | 0.0.6 | 131.38 | NOTE | |||
r-devel-linux-x86_64-fedora-gcc | 0.0.6 | 142.38 | NOTE | |||
r-devel-macos-arm64 | 0.0.6 | 41.00 | OK | |||
r-devel-macos-x86_64 | 0.0.6 | 81.00 | NOTE | |||
r-devel-windows-x86_64 | 0.0.6 | 8.00 | 101.00 | 109.00 | NOTE | |
r-patched-linux-x86_64 | 0.0.6 | 5.68 | 74.16 | 79.84 | OK | |
r-release-linux-x86_64 | 0.0.6 | 5.57 | 74.52 | 80.09 | OK | |
r-release-macos-arm64 | 0.0.6 | 47.00 | OK | |||
r-release-macos-x86_64 | 0.0.6 | 90.00 | OK | |||
r-release-windows-x86_64 | 0.0.6 | 8.00 | 98.00 | 106.00 | OK | |
r-oldrel-macos-arm64 | 0.0.6 | 45.00 | OK | |||
r-oldrel-macos-x86_64 | 0.0.6 | 130.00 | OK | |||
r-oldrel-windows-x86_64 | 0.0.6 | 8.00 | 107.00 | 115.00 | OK |
Version: 0.0.6
Check: DESCRIPTION meta-information
Result: NOTE
Missing dependency on R >= 4.1.0 because package code uses the pipe
|> or function shorthand \(...) syntax added in R 4.1.0.
File(s) using such syntax:
‘cnet.r’ ‘graph.r’
Flavors: r-devel-linux-x86_64-debian-clang, r-devel-linux-x86_64-debian-gcc, r-devel-linux-x86_64-fedora-clang, r-devel-linux-x86_64-fedora-gcc, r-devel-macos-x86_64, r-devel-windows-x86_64