CRAN Package Check Results for Package ggsom

Last updated on 2025-05-29 00:48:22 CEST.

Flavor Version Tinstall Tcheck Ttotal Status Flags
r-devel-linux-x86_64-debian-clang 0.4.0 6.10 48.04 54.14 NOTE
r-devel-linux-x86_64-debian-gcc 0.4.0 4.29 34.63 38.92 NOTE
r-devel-linux-x86_64-fedora-clang 0.4.0 88.22 OK
r-devel-linux-x86_64-fedora-gcc 0.4.0 76.64 OK
r-devel-windows-x86_64 0.4.0 10.00 62.00 72.00 OK
r-patched-linux-x86_64 0.4.0 5.87 45.69 51.56 OK
r-release-linux-x86_64 0.4.0 6.05 44.73 50.78 OK
r-release-macos-arm64 0.4.0 25.00 OK
r-release-macos-x86_64 0.4.0 45.00 OK
r-release-windows-x86_64 0.4.0 9.00 63.00 72.00 OK
r-oldrel-macos-arm64 0.4.0 27.00 NOTE
r-oldrel-macos-x86_64 0.4.0 39.00 NOTE
r-oldrel-windows-x86_64 0.4.0 10.00 75.00 85.00 NOTE

Check Details

Version: 0.4.0
Check: CRAN incoming feasibility
Result: NOTE Maintainer: ‘Felipe Carvalho <lipecaso@gmail.com>’ Package CITATION file contains call(s) to old-style personList() or as.personList(). Please use c() on person objects instead. Package CITATION file contains call(s) to old-style citEntry(). Please use bibentry() instead. Flavors: r-devel-linux-x86_64-debian-clang, r-devel-linux-x86_64-debian-gcc

Version: 0.4.0
Check: LazyData
Result: NOTE 'LazyData' is specified without a 'data' directory Flavors: r-oldrel-macos-arm64, r-oldrel-macos-x86_64, r-oldrel-windows-x86_64

mirror server hosted at Truenetwork, Russian Federation.