Last updated on 2025-02-21 17:50:42 CET.
Flavor | Version | Tinstall | Tcheck | Ttotal | Status | Flags |
---|---|---|---|---|---|---|
r-devel-linux-x86_64-debian-clang | 0.0.2 | 4.80 | 45.97 | 50.77 | NOTE | |
r-devel-linux-x86_64-debian-gcc | 0.0.2 | 3.21 | 33.23 | 36.44 | NOTE | |
r-devel-linux-x86_64-fedora-clang | 0.0.2 | 79.75 | OK | |||
r-devel-linux-x86_64-fedora-gcc | 0.0.2 | 75.80 | OK | |||
r-devel-macos-arm64 | 0.0.2 | 26.00 | OK | |||
r-devel-macos-x86_64 | 0.0.2 | 48.00 | OK | |||
r-devel-windows-x86_64 | 0.0.2 | 7.00 | 68.00 | 75.00 | NOTE | |
r-patched-linux-x86_64 | 0.0.2 | 9.35 | 43.51 | 52.86 | OK | |
r-release-linux-x86_64 | 0.0.2 | 4.23 | 43.27 | 47.50 | OK | |
r-release-macos-arm64 | 0.0.2 | 25.00 | OK | |||
r-release-macos-x86_64 | 0.0.2 | 38.00 | OK | |||
r-release-windows-x86_64 | 0.0.2 | 7.00 | 69.00 | 76.00 | OK | |
r-oldrel-macos-arm64 | 0.0.2 | 28.00 | OK | |||
r-oldrel-macos-x86_64 | 0.0.2 | 41.00 | OK | |||
r-oldrel-windows-x86_64 | 0.0.2 | 8.00 | 77.00 | 85.00 | OK |
Version: 0.0.2
Check: Rd cross-references
Result: NOTE
Found the following Rd file(s) with Rd \link{} targets missing package
anchors:
StatCityRoad.Rd: aes
StatDistrict.Rd: aes
StatDistrictCoordinates.Rd: aes
StatPlaces.Rd: aes
Please provide package anchors for all Rd \link{} targets not in the
package itself and the base packages.
Flavors: r-devel-linux-x86_64-debian-clang, r-devel-linux-x86_64-debian-gcc, r-devel-windows-x86_64