Last updated on 2025-11-04 05:51:12 CET.
| Flavor | Version | Tinstall | Tcheck | Ttotal | Status | Flags | 
|---|---|---|---|---|---|---|
| r-devel-linux-x86_64-debian-clang | 0.3.2 | 16.06 | 161.83 | 177.89 | OK | |
| r-devel-linux-x86_64-debian-gcc | 0.3.2 | 11.55 | 110.03 | 121.58 | OK | |
| r-devel-linux-x86_64-fedora-clang | 0.3.2 | 88.00 | 194.32 | 282.32 | NOTE | |
| r-devel-linux-x86_64-fedora-gcc | 0.3.2 | 37.00 | 219.78 | 256.78 | NOTE | |
| r-devel-windows-x86_64 | 0.3.2 | 19.00 | 153.00 | 172.00 | OK | |
| r-patched-linux-x86_64 | 0.3.2 | 17.15 | 150.45 | 167.60 | OK | |
| r-release-linux-x86_64 | 0.3.2 | 16.34 | 149.62 | 165.96 | OK | |
| r-release-macos-arm64 | 0.3.2 | 6.00 | 51.00 | 57.00 | OK | |
| r-release-macos-x86_64 | 0.3.2 | 15.00 | 119.00 | 134.00 | OK | |
| r-release-windows-x86_64 | 0.3.2 | 20.00 | 149.00 | 169.00 | OK | |
| r-oldrel-macos-arm64 | 0.3.2 | 6.00 | 52.00 | 58.00 | OK | |
| r-oldrel-macos-x86_64 | 0.3.2 | 14.00 | 121.00 | 135.00 | OK | |
| r-oldrel-windows-x86_64 | 0.3.2 | 26.00 | 197.00 | 223.00 | OK | 
Version: 0.3.2
Check: dependencies in R code
Result: NOTE
  Namespaces in Imports field not imported from:
    ‘DT’ ‘Formula’ ‘GGally’ ‘Hmisc’ ‘RPostgres’ ‘colourpicker’ ‘ggpmisc’
    ‘ggpubr’ ‘glue’ ‘gridExtra’ ‘markdown’ ‘patchwork’ ‘plotly’
    ‘quantreg’ ‘shinyFiles’ ‘shinyjqui’ ‘shinyjs’ ‘table1’ ‘zoo’
    All declared Imports should be used.
Flavors: r-devel-linux-x86_64-fedora-clang, r-devel-linux-x86_64-fedora-gcc