Last updated on 2025-11-04 11:52:31 CET.
| Flavor | Version | Tinstall | Tcheck | Ttotal | Status | Flags | 
|---|---|---|---|---|---|---|
| r-devel-linux-x86_64-debian-clang | 1.0.0 | 9.02 | 67.33 | 76.35 | OK | |
| r-devel-linux-x86_64-debian-gcc | 1.0.0 | 5.02 | 47.31 | 52.33 | OK | |
| r-devel-linux-x86_64-fedora-clang | 1.0.0 | 41.00 | 75.24 | 116.24 | OK | |
| r-devel-linux-x86_64-fedora-gcc | 1.0.0 | 17.00 | 85.95 | 102.95 | OK | |
| r-devel-windows-x86_64 | 1.0.0 | 9.00 | 72.00 | 81.00 | OK | |
| r-patched-linux-x86_64 | 1.0.0 | 7.04 | 60.53 | 67.57 | OK | |
| r-release-linux-x86_64 | 1.0.0 | 8.98 | 60.54 | 69.52 | OK | |
| r-release-macos-arm64 | 1.0.0 | 3.00 | 26.00 | 29.00 | OK | |
| r-release-macos-x86_64 | 1.0.0 | 6.00 | 45.00 | 51.00 | OK | |
| r-release-windows-x86_64 | 1.0.0 | 11.00 | 71.00 | 82.00 | OK | |
| r-oldrel-macos-arm64 | 1.0.0 | 3.00 | 23.00 | 26.00 | NOTE | |
| r-oldrel-macos-x86_64 | 1.0.0 | 5.00 | 38.00 | 43.00 | NOTE | |
| r-oldrel-windows-x86_64 | 1.0.0 | 13.00 | 89.00 | 102.00 | NOTE | 
Version: 1.0.0
Check: LazyData
Result: NOTE
    'LazyData' is specified without a 'data' directory
Flavors: r-oldrel-macos-arm64, r-oldrel-macos-x86_64, r-oldrel-windows-x86_64