CRAN Package Check Results for Package gggda

Last updated on 2025-07-16 00:49:42 CEST.

Flavor Version Tinstall Tcheck Ttotal Status Flags
r-devel-linux-x86_64-debian-clang 0.1.0 9.01 101.22 110.23 OK
r-devel-linux-x86_64-debian-gcc 0.1.0 6.57 71.64 78.21 OK
r-devel-linux-x86_64-fedora-clang 0.1.0 161.85 NOTE
r-devel-linux-x86_64-fedora-gcc 0.1.0 189.00 NOTE
r-devel-windows-x86_64 0.1.0 12.00 114.00 126.00 OK
r-release-linux-x86_64 0.1.0 7.11 93.72 100.83 OK
r-release-macos-arm64 0.1.0 63.00 OK
r-release-macos-x86_64 0.1.0 120.00 OK
r-release-windows-x86_64 0.1.0 12.00 124.00 136.00 OK
r-oldrel-macos-arm64 0.1.0 73.00 OK
r-oldrel-macos-x86_64 0.1.0 119.00 OK
r-oldrel-windows-x86_64 0.1.0 16.00 214.00 230.00 OK

Check Details

Version: 0.1.0
Check: dependencies in R code
Result: NOTE Namespaces in Imports field not imported from: ‘dplyr’ ‘tidyr’ All declared Imports should be used. Flavors: r-devel-linux-x86_64-fedora-clang, r-devel-linux-x86_64-fedora-gcc

mirror server hosted at Truenetwork, Russian Federation.