CRAN Package Check Results for Package ggbiplot

Last updated on 2025-07-10 06:50:20 CEST.

Flavor Version Tinstall Tcheck Ttotal Status Flags
r-devel-linux-x86_64-debian-clang 0.6.2 5.20 50.91 56.11 NOTE
r-devel-linux-x86_64-debian-gcc 0.6.2 3.25 36.38 39.63 NOTE
r-devel-linux-x86_64-fedora-clang 0.6.2 82.17 NOTE
r-devel-linux-x86_64-fedora-gcc 0.6.2 76.03 NOTE
r-devel-windows-x86_64 0.6.2 7.00 62.00 69.00 NOTE
r-patched-linux-x86_64 0.6.2 4.57 44.86 49.43 NOTE
r-release-linux-x86_64 0.6.2 4.61 44.68 49.29 NOTE
r-release-macos-arm64 0.6.2 28.00 NOTE
r-release-macos-x86_64 0.6.2 41.00 NOTE
r-release-windows-x86_64 0.6.2 8.00 64.00 72.00 NOTE
r-oldrel-macos-arm64 0.6.2 25.00 OK
r-oldrel-macos-x86_64 0.6.2 37.00 OK
r-oldrel-windows-x86_64 0.6.2 8.00 77.00 85.00 OK

Check Details

Version: 0.6.2
Check: DESCRIPTION meta-information
Result: NOTE Missing dependency on R >= 4.1.0 because package code uses the pipe |> or function shorthand \(...) syntax added in R 4.1.0. File(s) using such syntax: ‘crime.Rd’ ‘get_SVD.Rd’ ‘ggscreeplot.Rd’ ‘reflect.Rd’ Flavors: r-devel-linux-x86_64-debian-clang, r-devel-linux-x86_64-debian-gcc, r-devel-linux-x86_64-fedora-clang, r-devel-linux-x86_64-fedora-gcc, r-devel-windows-x86_64, r-patched-linux-x86_64, r-release-linux-x86_64, r-release-macos-arm64, r-release-macos-x86_64, r-release-windows-x86_64

mirror server hosted at Truenetwork, Russian Federation.