Last updated on 2025-05-22 06:51:46 CEST.
Flavor | Version | Tinstall | Tcheck | Ttotal | Status | Flags |
---|---|---|---|---|---|---|
r-devel-linux-x86_64-debian-clang | 2.2.1 | 13.32 | 656.82 | 670.14 | NOTE | |
r-devel-linux-x86_64-debian-gcc | 2.2.1 | 7.45 | 362.49 | 369.94 | NOTE | |
r-devel-linux-x86_64-fedora-clang | 2.2.1 | 917.79 | OK | |||
r-devel-linux-x86_64-fedora-gcc | 2.2.1 | 827.58 | OK | |||
r-devel-windows-x86_64 | 2.2.1 | 14.00 | 433.00 | 447.00 | OK | |
r-patched-linux-x86_64 | 2.2.1 | 11.30 | 498.46 | 509.76 | OK | |
r-release-linux-x86_64 | 2.2.1 | 10.54 | 504.77 | 515.31 | OK | |
r-release-macos-arm64 | 2.2.1 | 203.00 | OK | |||
r-release-macos-x86_64 | 2.2.1 | 535.00 | OK | |||
r-release-windows-x86_64 | 2.2.1 | 16.00 | 424.00 | 440.00 | OK | |
r-oldrel-macos-arm64 | 2.2.1 | 198.00 | OK | |||
r-oldrel-macos-x86_64 | 2.2.1 | 430.00 | OK | |||
r-oldrel-windows-x86_64 | 2.2.1 | 19.00 | 583.00 | 602.00 | OK |
Version: 2.2.1
Check: CRAN incoming feasibility
Result: NOTE
Maintainer: ‘John Ehrlinger <john.ehrlinger@gmail.com>’
No Authors@R field in DESCRIPTION.
Please add one, modifying
Authors@R: person(given = "John",
family = "Ehrlinger",
role = c("aut", "cre"),
email = "john.ehrlinger@gmail.com")
as necessary.
Flavors: r-devel-linux-x86_64-debian-clang, r-devel-linux-x86_64-debian-gcc