Last updated on 2025-02-21 17:50:42 CET.
Flavor | Version | Tinstall | Tcheck | Ttotal | Status | Flags |
---|---|---|---|---|---|---|
r-devel-linux-x86_64-debian-clang | 0.1.12 | 8.29 | 66.01 | 74.30 | OK | |
r-devel-linux-x86_64-debian-gcc | 0.1.12 | 5.56 | 47.83 | 53.39 | OK | |
r-devel-linux-x86_64-fedora-clang | 0.1.12 | 111.95 | NOTE | |||
r-devel-linux-x86_64-fedora-gcc | 0.1.12 | 122.02 | NOTE | |||
r-devel-macos-arm64 | 0.1.12 | 43.00 | OK | |||
r-devel-macos-x86_64 | 0.1.12 | 88.00 | OK | |||
r-devel-windows-x86_64 | 0.1.12 | 11.00 | 91.00 | 102.00 | OK | |
r-patched-linux-x86_64 | 0.1.12 | 8.07 | 60.76 | 68.83 | OK | |
r-release-linux-x86_64 | 0.1.12 | 7.35 | 60.21 | 67.56 | OK | |
r-release-macos-arm64 | 0.1.12 | 39.00 | OK | |||
r-release-macos-x86_64 | 0.1.12 | 62.00 | OK | |||
r-release-windows-x86_64 | 0.1.12 | 9.00 | 88.00 | 97.00 | OK | |
r-oldrel-macos-arm64 | 0.1.12 | 38.00 | OK | |||
r-oldrel-macos-x86_64 | 0.1.12 | 61.00 | OK | |||
r-oldrel-windows-x86_64 | 0.1.12 | 12.00 | 92.00 | 104.00 | OK |
Version: 0.1.12
Check: dependencies in R code
Result: NOTE
Namespaces in Imports field not imported from:
‘googlesheets4’ ‘tidyr’
All declared Imports should be used.
Flavors: r-devel-linux-x86_64-fedora-clang, r-devel-linux-x86_64-fedora-gcc